Last updated on 2025-11-11 09:50:06 CET.
| Flavor | Version | Tinstall | Tcheck | Ttotal | Status | Flags |
|---|---|---|---|---|---|---|
| r-devel-linux-x86_64-debian-clang | 1.0.3 | 58.30 | 149.71 | 208.01 | OK | |
| r-devel-linux-x86_64-debian-gcc | 1.0.3 | 37.53 | 106.76 | 144.29 | OK | |
| r-devel-linux-x86_64-fedora-clang | 1.0.3 | 133.00 | 169.56 | 302.56 | OK | |
| r-devel-linux-x86_64-fedora-gcc | 1.0.3 | 119.00 | 197.50 | 316.50 | OK | |
| r-devel-windows-x86_64 | 1.0.3 | 53.00 | 143.00 | 196.00 | OK | |
| r-patched-linux-x86_64 | 1.0.3 | 56.38 | 139.61 | 195.99 | OK | |
| r-release-linux-x86_64 | 1.0.3 | 55.20 | 139.96 | 195.16 | OK | |
| r-release-macos-arm64 | 1.0.3 | 35.00 | 68.00 | 103.00 | OK | |
| r-release-macos-x86_64 | 1.0.3 | 67.00 | 143.00 | 210.00 | OK | |
| r-release-windows-x86_64 | 1.0.3 | 55.00 | 142.00 | 197.00 | OK | |
| r-oldrel-macos-arm64 | 1.0.3 | 36.00 | 67.00 | 103.00 | NOTE | |
| r-oldrel-macos-x86_64 | 1.0.3 | 74.00 | 148.00 | 222.00 | NOTE | |
| r-oldrel-windows-x86_64 | 1.0.3 | 80.00 | 186.00 | 266.00 | OK |
Version: 1.0.3
Check: installed package size
Result: NOTE
installed size is 5.9Mb
sub-directories of 1Mb or more:
data 5.5Mb
Flavors: r-oldrel-macos-arm64, r-oldrel-macos-x86_64