Last updated on 2025-05-14 09:49:32 CEST.
Flavor | Version | Tinstall | Tcheck | Ttotal | Status | Flags |
---|---|---|---|---|---|---|
r-devel-linux-x86_64-debian-clang | 0.1.7 | 3.90 | 34.03 | 37.93 | NOTE | |
r-devel-linux-x86_64-debian-gcc | 0.1.7 | 2.75 | 25.19 | 27.94 | NOTE | |
r-devel-linux-x86_64-fedora-clang | 0.1.7 | 59.63 | OK | |||
r-devel-linux-x86_64-fedora-gcc | 0.1.7 | 56.98 | OK | |||
r-devel-windows-x86_64 | 0.1.7 | 6.00 | 52.00 | 58.00 | OK | |
r-patched-linux-x86_64 | 0.1.7 | 3.96 | 33.18 | 37.14 | OK | |
r-release-linux-x86_64 | 0.1.7 | 3.75 | 32.90 | 36.65 | OK | |
r-release-macos-arm64 | 0.1.7 | 21.00 | OK | |||
r-release-macos-x86_64 | 0.1.7 | 36.00 | OK | |||
r-release-windows-x86_64 | 0.1.7 | 4.00 | 52.00 | 56.00 | OK | |
r-oldrel-macos-arm64 | 0.1.7 | 27.00 | OK | |||
r-oldrel-macos-x86_64 | 0.1.7 | 31.00 | OK | |||
r-oldrel-windows-x86_64 | 0.1.7 | 7.00 | 60.00 | 67.00 | OK |
Version: 0.1.7
Check: CRAN incoming feasibility
Result: NOTE
Maintainer: ‘Santtu Tikka <santtuth@gmail.com>’
The Description field contains
Pearl, J. (2007, 2008) <arXiv:1206.5294>,
Please refer to arXiv e-prints via their arXiv DOI <doi:10.48550/arXiv.YYMM.NNNNN>.
Flavors: r-devel-linux-x86_64-debian-clang, r-devel-linux-x86_64-debian-gcc