Last updated on 2024-08-05 09:48:03 CEST.
Flavor | Version | Tinstall | Tcheck | Ttotal | Status | Flags |
---|---|---|---|---|---|---|
r-devel-linux-x86_64-debian-clang | 1.0.2 | 9.41 | 202.64 | 212.05 | OK | |
r-devel-linux-x86_64-debian-gcc | 1.0.2 | 5.07 | 98.01 | 103.08 | NOTE | |
r-devel-linux-x86_64-fedora-gcc | 1.0.2 | 234.25 | OK | |||
r-devel-windows-x86_64 | 1.0.2 | 11.00 | 161.00 | 172.00 | NOTE | |
r-patched-linux-x86_64 | 1.0.2 | 11.60 | 143.79 | 155.39 | OK | |
r-release-linux-x86_64 | 1.0.2 | 7.98 | 184.37 | 192.35 | OK | |
r-release-macos-arm64 | 1.0.2 | 69.00 | OK | |||
r-release-macos-x86_64 | 1.0.2 | 105.00 | OK | |||
r-release-windows-x86_64 | 1.0.2 | 11.00 | 161.00 | 172.00 | OK | |
r-oldrel-macos-arm64 | 1.0.2 | 75.00 | OK | |||
r-oldrel-macos-x86_64 | 1.0.2 | 136.00 | OK | |||
r-oldrel-windows-x86_64 | 1.0.2 | 13.00 | 193.00 | 206.00 | OK |
Version: 1.0.2
Check: Rd cross-references
Result: NOTE
Found the following Rd file(s) with Rd \link{} targets missing package
anchors:
cpt.geo-class.Rd: ggplot2
data.set.Rd: data.set-methods
data.set_-.Rd: data.set<--methods
pen.value.Rd: pen.value-methods
pen.value_-.Rd: pen.value<--methods
test.stat.Rd: test.stat-methods
test.stat_-.Rd: test.stat<--methods
Please provide package anchors for all Rd \link{} targets not in the
package itself and the base packages.
Flavors: r-devel-linux-x86_64-debian-gcc, r-devel-windows-x86_64