Last updated on 2024-09-06 09:49:17 CEST.
Flavor | Version | Tinstall | Tcheck | Ttotal | Status | Flags |
---|---|---|---|---|---|---|
r-devel-linux-x86_64-debian-clang | 0.15.1 | 18.24 | 107.92 | 126.16 | OK | |
r-devel-linux-x86_64-debian-gcc | 0.15.1 | 13.24 | 70.83 | 84.07 | OK | |
r-devel-linux-x86_64-fedora-clang | 0.15.1 | 210.69 | NOTE | |||
r-devel-linux-x86_64-fedora-gcc | 0.15.1 | 206.89 | OK | |||
r-devel-windows-x86_64 | 0.15.1 | 23.00 | 138.00 | 161.00 | NOTE | |
r-patched-linux-x86_64 | 0.15.1 | 22.90 | 99.33 | 122.23 | OK | |
r-release-linux-x86_64 | 0.15.1 | 18.92 | 99.71 | 118.63 | OK | |
r-release-macos-arm64 | 0.15.1 | 58.00 | NOTE | |||
r-release-macos-x86_64 | 0.15.1 | 143.00 | NOTE | |||
r-release-windows-x86_64 | 0.15.1 | 22.00 | 133.00 | 155.00 | NOTE | |
r-oldrel-macos-arm64 | 0.15.1 | 62.00 | NOTE | |||
r-oldrel-macos-x86_64 | 0.15.1 | 101.00 | NOTE | |||
r-oldrel-windows-x86_64 | 0.15.1 | 28.00 | 154.00 | 182.00 | NOTE |
Version: 0.15.1
Check: installed package size
Result: NOTE
installed size is 6.7Mb
sub-directories of 1Mb or more:
R 1.8Mb
extdata 4.3Mb
Flavors: r-devel-linux-x86_64-fedora-clang, r-devel-windows-x86_64, r-release-macos-arm64, r-release-macos-x86_64, r-release-windows-x86_64, r-oldrel-macos-arm64, r-oldrel-macos-x86_64, r-oldrel-windows-x86_64