CRAN Package Check Results for Package circularEV

Last updated on 2025-11-21 09:48:58 CET.

Flavor Version Tinstall Tcheck Ttotal Status Flags
r-devel-linux-x86_64-debian-clang 0.1.1 9.54 176.08 185.62 NOTE
r-devel-linux-x86_64-debian-gcc 0.1.1 8.07 127.30 135.37 NOTE
r-devel-linux-x86_64-fedora-clang 0.1.1 24.00 263.90 287.90 OK
r-devel-linux-x86_64-fedora-gcc 0.1.1 35.00 272.45 307.45 OK
r-devel-windows-x86_64 0.1.1 17.00 203.00 220.00 OK
r-patched-linux-x86_64 0.1.1 10.17 164.34 174.51 OK
r-release-linux-x86_64 0.1.1 8.27 163.79 172.06 OK
r-release-macos-arm64 0.1.1 OK
r-release-macos-x86_64 0.1.1 17.00 276.00 293.00 OK
r-release-windows-x86_64 0.1.1 14.00 201.00 215.00 OK
r-oldrel-macos-arm64 0.1.1 NOTE
r-oldrel-macos-x86_64 0.1.1 9.00 163.00 172.00 NOTE
r-oldrel-windows-x86_64 0.1.1 19.00 254.00 273.00 NOTE

Additional issues

donttest

Check Details

Version: 0.1.1
Check: CRAN incoming feasibility
Result: NOTE Maintainer: ‘Evandro Konzen <circularev.r@gmail.com>’ No Authors@R field in DESCRIPTION. Please add one, modifying Authors@R: person(given = "Evandro", family = "Konzen", role = c("aut", "cre"), email = "circularev.r@gmail.com") as necessary. Flavors: r-devel-linux-x86_64-debian-clang, r-devel-linux-x86_64-debian-gcc

Version: 0.1.1
Check: installed package size
Result: NOTE installed size is 7.5Mb sub-directories of 1Mb or more: doc 7.2Mb Flavors: r-oldrel-macos-arm64, r-oldrel-macos-x86_64, r-oldrel-windows-x86_64