Last updated on 2024-08-05 09:48:03 CEST.
Flavor | Version | Tinstall | Tcheck | Ttotal | Status | Flags |
---|---|---|---|---|---|---|
r-devel-linux-x86_64-debian-clang | 2.4.1 | 34.12 | 187.04 | 221.16 | OK | |
r-devel-linux-x86_64-debian-gcc | 2.4.1 | 21.08 | 101.52 | 122.60 | NOTE | |
r-devel-linux-x86_64-fedora-gcc | 2.4.1 | 271.25 | OK | |||
r-devel-windows-x86_64 | 2.4.1 | 26.00 | 153.00 | 179.00 | NOTE | |
r-patched-linux-x86_64 | 2.4.1 | 33.31 | 138.76 | 172.07 | OK | |
r-release-linux-x86_64 | 2.4.1 | 26.96 | 183.11 | 210.07 | OK | |
r-release-macos-arm64 | 2.4.1 | 59.00 | OK | |||
r-release-macos-x86_64 | 2.4.1 | 94.00 | OK | |||
r-release-windows-x86_64 | 2.4.1 | 26.00 | 152.00 | 178.00 | OK | |
r-oldrel-macos-arm64 | 2.4.1 | 56.00 | OK | |||
r-oldrel-macos-x86_64 | 2.4.1 | 115.00 | OK | |||
r-oldrel-windows-x86_64 | 2.4.1 | 31.00 | 180.00 | 211.00 | OK |
Version: 2.4.1
Check: Rd cross-references
Result: NOTE
Found the following Rd file(s) with Rd \link{} targets missing package
anchors:
clinDR-package.Rd: DoseFinding
emaxsim.Rd: Mods
emaxsimB.Rd: Mods
fitEmaxB.Rd: rstan
Please provide package anchors for all Rd \link{} targets not in the
package itself and the base packages.
Flavors: r-devel-linux-x86_64-debian-gcc, r-devel-windows-x86_64