CRAN Package Check Results for Package clustMD

Last updated on 2025-11-13 09:50:42 CET.

Flavor Version Tinstall Tcheck Ttotal Status Flags
r-devel-linux-x86_64-debian-clang 1.2.1 8.13 67.08 75.21 NOTE
r-devel-linux-x86_64-debian-gcc 1.2.1 5.92 48.16 54.08 NOTE
r-devel-linux-x86_64-fedora-clang 1.2.1 29.00 89.62 118.62 NOTE
r-devel-linux-x86_64-fedora-gcc 1.2.1 16.00 90.05 106.05 NOTE
r-devel-windows-x86_64 1.2.1 10.00 78.00 88.00 NOTE
r-patched-linux-x86_64 1.2.1 7.32 60.75 68.07 NOTE
r-release-linux-x86_64 1.2.1 6.28 60.99 67.27 NOTE
r-release-macos-arm64 1.2.1 3.00 26.00 29.00 NOTE
r-release-macos-x86_64 1.2.1 7.00 48.00 55.00 NOTE
r-release-windows-x86_64 1.2.1 11.00 75.00 86.00 NOTE
r-oldrel-macos-arm64 1.2.1 3.00 28.00 31.00 NOTE
r-oldrel-macos-x86_64 1.2.1 5.00 37.00 42.00 NOTE
r-oldrel-windows-x86_64 1.2.1 16.00 90.00 106.00 NOTE

Check Details

Version: 1.2.1
Check: Rd files
Result: NOTE checkRd: (-1) dtmvnom.Rd:30: Escaped LaTeX specials: \& Flavors: r-devel-linux-x86_64-debian-clang, r-devel-linux-x86_64-debian-gcc, r-devel-linux-x86_64-fedora-clang, r-devel-linux-x86_64-fedora-gcc, r-devel-windows-x86_64, r-patched-linux-x86_64, r-release-linux-x86_64, r-release-macos-arm64, r-release-macos-x86_64, r-release-windows-x86_64, r-oldrel-macos-arm64, r-oldrel-macos-x86_64, r-oldrel-windows-x86_64