Last updated on 2025-11-02 09:48:30 CET.
| Flavor | Version | Tinstall | Tcheck | Ttotal | Status | Flags |
|---|---|---|---|---|---|---|
| r-devel-linux-x86_64-debian-clang | 0.1-2 | 1.99 | 32.86 | 34.85 | OK | |
| r-devel-linux-x86_64-debian-gcc | 0.1-2 | 1.66 | 23.78 | 25.44 | OK | |
| r-devel-linux-x86_64-fedora-clang | 0.1-2 | 56.45 | OK | |||
| r-devel-linux-x86_64-fedora-gcc | 0.1-2 | 74.33 | OK | |||
| r-devel-windows-x86_64 | 0.1-2 | 3.00 | 48.00 | 51.00 | OK | |
| r-patched-linux-x86_64 | 0.1-2 | 1.74 | 31.36 | 33.10 | OK | |
| r-release-linux-x86_64 | 0.1-2 | 2.30 | 28.52 | 30.82 | OK | |
| r-release-macos-arm64 | 0.1-2 | 2.00 | 35.00 | 37.00 | OK | |
| r-release-macos-x86_64 | 0.1-2 | 2.00 | 60.00 | 62.00 | OK | |
| r-release-windows-x86_64 | 0.1-2 | 4.00 | 47.00 | 51.00 | OK | |
| r-oldrel-macos-arm64 | 0.1-2 | 1.00 | 23.00 | 24.00 | NOTE | |
| r-oldrel-macos-x86_64 | 0.1-2 | 2.00 | 34.00 | 36.00 | NOTE | |
| r-oldrel-windows-x86_64 | 0.1-2 | 4.00 | 55.00 | 59.00 | NOTE |
Version: 0.1-2
Check: package dependencies
Result: NOTE
Package suggested but not available for checking: ‘tobit1’
Flavors: r-oldrel-macos-arm64, r-oldrel-macos-x86_64, r-oldrel-windows-x86_64