CRAN Package Check Results for Package coder

Last updated on 2025-05-15 09:52:11 CEST.

Flavor Version Tinstall Tcheck Ttotal Status Flags
r-devel-linux-x86_64-debian-clang 0.13.10 5.05 89.23 94.28 OK
r-devel-linux-x86_64-debian-gcc 0.13.10 3.68 61.56 65.24 OK
r-devel-linux-x86_64-fedora-clang 0.13.10 132.24 OK
r-devel-linux-x86_64-fedora-gcc 0.13.10 148.22 OK
r-devel-windows-x86_64 0.13.10 7.00 0.00 7.00 FAIL
r-patched-linux-x86_64 0.13.10 5.84 76.61 82.45 OK
r-release-linux-x86_64 0.13.10 4.72 75.36 80.08 OK
r-release-macos-arm64 0.13.10 84.00 OK
r-release-macos-x86_64 0.13.10 133.00 OK
r-release-windows-x86_64 0.13.10 7.00 105.00 112.00 OK
r-oldrel-macos-arm64 0.13.10 55.00 OK
r-oldrel-macos-x86_64 0.13.10 83.00 OK
r-oldrel-windows-x86_64 0.13.10 8.00 125.00 133.00 OK

Check Details

Version: 0.13.10
Check: PDF version of manual
Result: FAIL Check process probably crashed or hung up for 20 minutes ... killed Most likely this happened in the example checks (?), if not, ignore the following last lines of example output: > ##D > ##D # It is also possible to visualize an arbitrary regular expression > ##D # from a character string > ##D visualize("I2([12]|52)") > ## End(Not run) > > # The URL is always returned (invisable) but the visual display can > # also be omitted > url <- visualize("hip_ae", show = FALSE) Classification based on: icd10 > url [1] "https://jex.im/regulex/#!embed=true&flags=&re=%5E(%5E(G(97[89])%7CM96(6F%7C[89])%7C(T8((1([02-9]%7C8W))%7C(4([03578]F?)%7C[49])%7C(8[89])))))%7C%5E(%5E(G57[0-2]%7CM((00(0F?%7C[289]F))%7C(24(3%7C4F?)))%7CS7([4-6]%7C30)))%7C%5E(%5E(M(24[056]F%7C6(10%7C21%7C6[23])F%7C8((43%7C6[01])F%7C66F?%7C95E))))%7C%5E(%5E(I((2([14]%7C6[09]))%7C4(6[019]%7C90)%7C6([0-35-6]%7C49)%7C7([24]%7C7[0-2])%7C8(19%7C2)%7C97[89])%7CJ8[01]9%7CT811))%7C%5E(%5E(I80%7CJ((1[3-8])%7C9(5[23589]%7C6%7C81))%7CK2[5-7]%7CL89%7CN(99[089]%7C(17))%7CR339))%7C%5E(%5E(J2[0-2]%7CK(590%7C29)%7CN991))" > > > > ### * <FOOTER> > ### > cleanEx() > options(digits = 7L) > base::cat("Time elapsed: ", proc.time() - base::get("ptime", pos = 'CheckExEnv'),"\n") Time elapsed: 7.73 0.64 8.37 NA NA > grDevices::dev.off() null device 1 > ### > ### Local variables: *** > ### mode: outline-minor *** > ### outline-regexp: "\\(> \\)?### [*]+" *** > ### End: *** > quit('no') ======== End of example output (where/before crash/hang up occured ?) ======== Flavor: r-devel-windows-x86_64