Last updated on 2024-09-06 09:49:17 CEST.
Flavor | Version | Tinstall | Tcheck | Ttotal | Status | Flags |
---|---|---|---|---|---|---|
r-devel-linux-x86_64-debian-clang | 0.1.1 | 12.97 | 68.83 | 81.80 | NOTE | |
r-devel-linux-x86_64-debian-gcc | 0.1.1 | 9.61 | 48.76 | 58.37 | NOTE | |
r-devel-linux-x86_64-fedora-clang | 0.1.1 | 136.70 | NOTE | |||
r-devel-linux-x86_64-fedora-gcc | 0.1.1 | 145.43 | NOTE | |||
r-devel-windows-x86_64 | 0.1.1 | 20.00 | 108.00 | 128.00 | NOTE | |
r-patched-linux-x86_64 | 0.1.1 | 13.85 | 64.64 | 78.49 | NOTE | |
r-release-linux-x86_64 | 0.1.1 | 12.52 | 64.25 | 76.77 | NOTE | |
r-release-macos-arm64 | 0.1.1 | 53.00 | NOTE | |||
r-release-macos-x86_64 | 0.1.1 | 89.00 | NOTE | |||
r-release-windows-x86_64 | 0.1.1 | 18.00 | 103.00 | 121.00 | NOTE | |
r-oldrel-macos-arm64 | 0.1.1 | 53.00 | OK | |||
r-oldrel-macos-x86_64 | 0.1.1 | 86.00 | OK | |||
r-oldrel-windows-x86_64 | 0.1.1 | 22.00 | 113.00 | 135.00 | OK |
Version: 0.1.1
Check: Rd files
Result: NOTE
checkRd: (-1) keener.Rd:82: Lost braces; missing escapes or markup?
82 | a_{ij} = (S_ij + 1) / (S_ij + S_ji + 2). This step should make comparing
| ^
Flavors: r-devel-linux-x86_64-debian-clang, r-devel-linux-x86_64-debian-gcc, r-devel-linux-x86_64-fedora-clang, r-devel-linux-x86_64-fedora-gcc, r-devel-windows-x86_64, r-patched-linux-x86_64, r-release-linux-x86_64, r-release-macos-arm64, r-release-macos-x86_64, r-release-windows-x86_64