CRAN Package Check Results for Package complexity

Last updated on 2025-10-02 09:49:25 CEST.

Flavor Version Tinstall Tcheck Ttotal Status Flags
r-devel-linux-x86_64-debian-clang 1.1.2 3.34 35.14 38.48 NOTE
r-devel-linux-x86_64-debian-gcc 1.1.2 2.63 27.18 29.81 NOTE
r-devel-linux-x86_64-fedora-clang 1.1.2 56.95 OK
r-devel-linux-x86_64-fedora-gcc 1.1.2 69.51 OK
r-devel-windows-x86_64 1.1.2 5.00 54.00 59.00 OK
r-patched-linux-x86_64 1.1.2 3.20 32.97 36.17 OK
r-release-linux-x86_64 1.1.2 3.28 33.36 36.64 OK
r-release-macos-arm64 1.1.2 36.00 OK
r-release-macos-x86_64 1.1.2 55.00 OK
r-release-windows-x86_64 1.1.2 5.00 53.00 58.00 OK
r-oldrel-macos-arm64 1.1.2 29.00 OK
r-oldrel-macos-x86_64 1.1.2 41.00 OK
r-oldrel-windows-x86_64 1.1.2 7.00 59.00 66.00 OK

Check Details

Version: 1.1.2
Check: CRAN incoming feasibility
Result: NOTE Maintainer: ‘M. A. J. Zondervan-Zwijnenburg <m.zondervan@vilans.nl>’ No Authors@R field in DESCRIPTION. Please add one, modifying Authors@R: person(given = c("M.", "A.", "J."), family = "Zondervan-Zwijnenburg", role = c("aut", "cre"), email = "m.zondervan@vilans.nl") as necessary. Flavors: r-devel-linux-x86_64-debian-clang, r-devel-linux-x86_64-debian-gcc