Last updated on 2025-10-24 09:49:58 CEST.
| Flavor | Version | Tinstall | Tcheck | Ttotal | Status | Flags |
|---|---|---|---|---|---|---|
| r-devel-linux-x86_64-debian-clang | 1.0.4 | 2.09 | 32.98 | 35.07 | NOTE | |
| r-devel-linux-x86_64-debian-gcc | 1.0.4 | 1.68 | 26.01 | 27.69 | OK | |
| r-devel-linux-x86_64-fedora-clang | 1.0.4 | 36.18 | OK | |||
| r-devel-linux-x86_64-fedora-gcc | 1.0.4 | 47.06 | OK | |||
| r-devel-windows-x86_64 | 1.0.4 | 4.00 | 49.00 | 53.00 | OK | |
| r-patched-linux-x86_64 | 1.0.4 | 1.79 | 29.67 | 31.46 | OK | |
| r-release-linux-x86_64 | 1.0.4 | 2.15 | 29.73 | 31.88 | OK | |
| r-release-macos-arm64 | 1.0.4 | 1.00 | 18.00 | 19.00 | OK | |
| r-release-macos-x86_64 | 1.0.4 | 2.00 | 31.00 | 33.00 | OK | |
| r-release-windows-x86_64 | 1.0.4 | 4.00 | 52.00 | 56.00 | OK | |
| r-oldrel-macos-arm64 | 1.0.4 | 1.00 | 18.00 | 19.00 | OK | |
| r-oldrel-macos-x86_64 | 1.0.4 | 3.00 | 45.00 | 48.00 | OK | |
| r-oldrel-windows-x86_64 | 1.0.4 | 5.00 | 59.00 | 64.00 | OK |
Version: 1.0.4
Check: HTML version of manual
Result: NOTE
Found the following HTML validation problems:
mydata.html:58:1 (mydata.Rd:17): Warning: missing </ul> before </div>
Flavor: r-devel-linux-x86_64-debian-clang