Last updated on 2025-05-28 09:52:51 CEST.
Flavor | Version | Tinstall | Tcheck | Ttotal | Status | Flags |
---|---|---|---|---|---|---|
r-devel-linux-x86_64-debian-clang | 1.1 | 5.95 | 48.97 | 54.92 | NOTE | |
r-devel-linux-x86_64-debian-gcc | 1.1 | 3.96 | 34.90 | 38.86 | NOTE | |
r-devel-linux-x86_64-fedora-clang | 1.1 | 83.81 | OK | |||
r-devel-linux-x86_64-fedora-gcc | 1.1 | 75.89 | OK | |||
r-devel-windows-x86_64 | 1.1 | 8.00 | 63.00 | 71.00 | OK | |
r-patched-linux-x86_64 | 1.1 | 5.93 | 45.81 | 51.74 | OK | |
r-release-linux-x86_64 | 1.1 | 4.99 | 46.04 | 51.03 | OK | |
r-release-macos-arm64 | 1.1 | 27.00 | OK | |||
r-release-macos-x86_64 | 1.1 | 62.00 | OK | |||
r-release-windows-x86_64 | 1.1 | 8.00 | 68.00 | 76.00 | OK | |
r-oldrel-macos-arm64 | 1.1 | 24.00 | OK | |||
r-oldrel-macos-x86_64 | 1.1 | 40.00 | OK | |||
r-oldrel-windows-x86_64 | 1.1 | 9.00 | 77.00 | 86.00 | OK |
Version: 1.1
Check: CRAN incoming feasibility
Result: NOTE
Maintainer: ‘Santhosh Sasanapuri <santhosh458@gmail.com>’
No Authors@R field in DESCRIPTION.
Please add one, modifying
Authors@R: c(person(given = "Navin",
family = "Loganathan",
role = "aut"),
person(given = "Mohan",
family = "Manivannan",
role = "aut"),
person(given = "Santhosh",
family = "Sasanapuri",
role = c("aut", "cre"),
email = "santhosh458@gmail.com"),
person(given = "LatentView",
family = "Analytics",
role = "ctb"))
as necessary.
Flavors: r-devel-linux-x86_64-debian-clang, r-devel-linux-x86_64-debian-gcc