Last updated on 2025-07-19 09:48:25 CEST.
Flavor | Version | Tinstall | Tcheck | Ttotal | Status | Flags |
---|---|---|---|---|---|---|
r-devel-linux-x86_64-debian-clang | 0.9.0 | 3.40 | 41.19 | 44.59 | OK | |
r-devel-linux-x86_64-debian-gcc | 0.9.0 | 2.38 | 29.94 | 32.32 | OK | |
r-devel-linux-x86_64-fedora-clang | 0.9.0 | 60.69 | NOTE | |||
r-devel-linux-x86_64-fedora-gcc | 0.9.0 | 60.54 | NOTE | |||
r-devel-windows-x86_64 | 0.9.0 | 7.00 | 57.00 | 64.00 | OK | |
r-patched-linux-x86_64 | 0.9.0 | 3.70 | 34.94 | 38.64 | OK | |
r-release-linux-x86_64 | 0.9.0 | 2.44 | 34.55 | 36.99 | OK | |
r-release-macos-arm64 | 0.9.0 | 23.00 | OK | |||
r-release-macos-x86_64 | 0.9.0 | 39.00 | OK | |||
r-release-windows-x86_64 | 0.9.0 | 6.00 | 57.00 | 63.00 | OK | |
r-oldrel-macos-arm64 | 0.9.0 | 24.00 | OK | |||
r-oldrel-macos-x86_64 | 0.9.0 | 42.00 | OK | |||
r-oldrel-windows-x86_64 | 0.9.0 | 8.00 | 66.00 | 74.00 | OK |
Version: 0.9.0
Check: dependencies in R code
Result: NOTE
Namespaces in Imports field not imported from:
‘RColorBrewer’ ‘ggplot2’ ‘re2’ ‘rmarkdown’ ‘shinyWidgets’
‘shinydashboard’ ‘shinyjs’
All declared Imports should be used.
Flavors: r-devel-linux-x86_64-fedora-clang, r-devel-linux-x86_64-fedora-gcc