Last updated on 2025-10-21 09:48:28 CEST.
Flavor | Version | Tinstall | Tcheck | Ttotal | Status | Flags |
---|---|---|---|---|---|---|
r-devel-linux-x86_64-debian-clang | 0.5.2 | 60.20 | 148.53 | 208.73 | OK | |
r-devel-linux-x86_64-debian-gcc | 0.5.2 | 39.28 | 101.84 | 141.12 | NOTE | |
r-devel-linux-x86_64-fedora-clang | 0.5.2 | 256.96 | OK | |||
r-devel-linux-x86_64-fedora-gcc | 0.5.2 | 314.76 | OK | |||
r-devel-windows-x86_64 | 0.5.2 | 68.00 | 178.00 | 246.00 | OK | |
r-patched-linux-x86_64 | 0.5.2 | 60.45 | 130.50 | 190.95 | OK | |
r-release-linux-x86_64 | 0.5.2 | 56.06 | 130.49 | 186.55 | OK | |
r-release-macos-arm64 | 0.5.2 | 83.00 | OK | |||
r-release-macos-x86_64 | 0.5.2 | 149.00 | OK | |||
r-release-windows-x86_64 | 0.5.2 | 73.00 | 184.00 | 257.00 | OK | |
r-oldrel-macos-arm64 | 0.5.2 | 85.00 | OK | |||
r-oldrel-macos-x86_64 | 0.5.2 | 146.00 | OK | |||
r-oldrel-windows-x86_64 | 0.5.2 | 86.00 | 229.00 | 315.00 | OK |
Version: 0.5.2
Check: HTML version of manual
Result: NOTE
Found the following HTML validation problems:
add_multitoken_label.html:68:1 (add_multitoken_label.Rd:24): Warning: missing </ul> before </div>
as.tcorpus.html:50:1 (as.tcorpus.Rd:12): Warning: missing </ul> before </div>
calc_chi2.html:70:1 (calc_chi2.Rd:22): Warning: missing </ul> before </div>
tCorpus-cash-search_recode.html:59:1 (tCorpus-cash-search_recode.Rd:14): Warning: missing </ul> before </div>
Flavor: r-devel-linux-x86_64-debian-gcc