Last updated on 2025-10-31 08:50:10 CET.
| Flavor | Version | Tinstall | Tcheck | Ttotal | Status | Flags | 
|---|---|---|---|---|---|---|
| r-devel-linux-x86_64-debian-clang | 1.1.4 | 2.39 | 27.86 | 30.25 | NOTE | |
| r-devel-linux-x86_64-debian-gcc | 1.1.4 | 1.96 | 22.05 | 24.01 | NOTE | |
| r-devel-linux-x86_64-fedora-clang | 1.1.4 | 43.06 | OK | |||
| r-devel-linux-x86_64-fedora-gcc | 1.1.4 | 39.90 | OK | |||
| r-devel-windows-x86_64 | 1.1.4 | 5.00 | 45.00 | 50.00 | OK | |
| r-patched-linux-x86_64 | 1.1.4 | 2.31 | 25.89 | 28.20 | OK | |
| r-release-linux-x86_64 | 1.1.4 | 2.42 | 25.99 | 28.41 | OK | |
| r-release-macos-arm64 | 1.1.4 | 1.00 | 18.00 | 19.00 | OK | |
| r-release-macos-x86_64 | 1.1.4 | 4.00 | 38.00 | 42.00 | OK | |
| r-release-windows-x86_64 | 1.1.4 | 4.00 | 47.00 | 51.00 | OK | |
| r-oldrel-macos-arm64 | 1.1.4 | 1.00 | 18.00 | 19.00 | OK | |
| r-oldrel-macos-x86_64 | 1.1.4 | 2.00 | 24.00 | 26.00 | OK | |
| r-oldrel-windows-x86_64 | 1.1.4 | 4.00 | 52.00 | 56.00 | OK | 
Version: 1.1.4
Check: CRAN incoming feasibility
Result: NOTE
  Maintainer: ‘Erin LeDell <oss@ledell.org>’
  
  No Authors@R field in DESCRIPTION.
  Please add one, modifying
    Authors@R: c(person(given = "Erin",
                        family = "LeDell",
                        role = c("aut", "cre"),
                        email = "oss@ledell.org"),
                 person(given = "Maya",
                        family = "Petersen",
                        role = "aut"),
                 person(given = "Mark",
                        family = "van der Laan",
                        role = "aut"))
  as necessary.
Flavors: r-devel-linux-x86_64-debian-clang, r-devel-linux-x86_64-debian-gcc