Last updated on 2024-09-08 09:48:16 CEST.
Flavor | Version | Tinstall | Tcheck | Ttotal | Status | Flags |
---|---|---|---|---|---|---|
r-devel-linux-x86_64-debian-clang | 1.0-38 | 2.41 | 35.32 | 37.73 | NOTE | |
r-devel-linux-x86_64-debian-gcc | 1.0-38 | 1.81 | 28.00 | 29.81 | NOTE | |
r-devel-linux-x86_64-fedora-clang | 1.0-38 | 60.54 | NOTE | |||
r-devel-linux-x86_64-fedora-gcc | 1.0-38 | 57.58 | NOTE | |||
r-devel-windows-x86_64 | 1.0-38 | 4.00 | 81.00 | 85.00 | NOTE | |
r-patched-linux-x86_64 | 1.0-38 | 2.57 | 33.88 | 36.45 | NOTE | |
r-release-linux-x86_64 | 1.0-38 | 2.50 | 33.68 | 36.18 | NOTE | |
r-release-macos-arm64 | 1.0-38 | 23.00 | NOTE | |||
r-release-macos-x86_64 | 1.0-38 | 36.00 | NOTE | |||
r-release-windows-x86_64 | 1.0-38 | 4.00 | 72.00 | 76.00 | NOTE | |
r-oldrel-macos-arm64 | 1.0-38 | 23.00 | OK | |||
r-oldrel-macos-x86_64 | 1.0-38 | 35.00 | OK | |||
r-oldrel-windows-x86_64 | 1.0-38 | 4.00 | 73.00 | 77.00 | OK |
Version: 1.0-38
Check: Rd files
Result: NOTE
checkRd: (-1) formatScientificTeX.Rd:33: Lost braces; missing escapes or markup?
33 | function will return " 3.0\\\\times 10^{2}"
| ^
Flavors: r-devel-linux-x86_64-debian-clang, r-devel-linux-x86_64-debian-gcc, r-devel-linux-x86_64-fedora-clang, r-devel-linux-x86_64-fedora-gcc, r-devel-windows-x86_64, r-patched-linux-x86_64, r-release-linux-x86_64, r-release-macos-arm64, r-release-macos-x86_64, r-release-windows-x86_64