Last updated on 2025-05-14 09:49:33 CEST.
Flavor | Version | Tinstall | Tcheck | Ttotal | Status | Flags |
---|---|---|---|---|---|---|
r-devel-linux-x86_64-debian-clang | 2.9.9.5 | 89.09 | 616.94 | 706.03 | OK | |
r-devel-linux-x86_64-debian-gcc | 2.9.9.5 | 49.15 | 382.65 | 431.80 | OK | |
r-devel-linux-x86_64-fedora-clang | 2.9.9.5 | 1104.07 | NOTE | |||
r-devel-linux-x86_64-fedora-gcc | 2.9.9.5 | 1084.30 | NOTE | |||
r-devel-windows-x86_64 | 2.9.9.5 | 74.00 | 600.00 | 674.00 | OK | |
r-patched-linux-x86_64 | 2.9.9.5 | 80.32 | 567.91 | 648.23 | OK | |
r-release-linux-x86_64 | 2.9.9.5 | 70.78 | 578.35 | 649.13 | OK | |
r-release-macos-arm64 | 2.9.9.5 | 277.00 | OK | |||
r-release-macos-x86_64 | 2.9.9.5 | 318.00 | OK | |||
r-release-windows-x86_64 | 2.9.9.5 | 74.00 | 581.00 | 655.00 | OK | |
r-oldrel-macos-arm64 | 2.9.9.5 | 218.00 | NOTE | |||
r-oldrel-macos-x86_64 | 2.9.9.5 | 320.00 | NOTE | |||
r-oldrel-windows-x86_64 | 2.9.9.5 | 111.00 | 777.00 | 888.00 | NOTE |
Version: 2.9.9.5
Check: dependencies in R code
Result: NOTE
Namespace in Imports field not imported from: ‘foreach’
All declared Imports should be used.
Flavors: r-devel-linux-x86_64-fedora-clang, r-devel-linux-x86_64-fedora-gcc
Version: 2.9.9.5
Check: installed package size
Result: NOTE
installed size is 6.4Mb
sub-directories of 1Mb or more:
R 2.0Mb
help 2.6Mb
Flavors: r-oldrel-macos-arm64, r-oldrel-macos-x86_64, r-oldrel-windows-x86_64