Last updated on 2025-10-24 09:49:59 CEST.
| Flavor | Version | Tinstall | Tcheck | Ttotal | Status | Flags |
|---|---|---|---|---|---|---|
| r-devel-linux-x86_64-debian-clang | 0.1.8 | 2.07 | 33.46 | 35.53 | NOTE | |
| r-devel-linux-x86_64-debian-gcc | 0.1.8 | 1.72 | 26.02 | 27.74 | OK | |
| r-devel-linux-x86_64-fedora-clang | 0.1.8 | 51.61 | OK | |||
| r-devel-linux-x86_64-fedora-gcc | 0.1.8 | 48.31 | OK | |||
| r-devel-windows-x86_64 | 0.1.8 | 3.00 | 54.00 | 57.00 | OK | |
| r-patched-linux-x86_64 | 0.1.8 | 2.05 | 29.70 | 31.75 | OK | |
| r-release-linux-x86_64 | 0.1.8 | 1.83 | 29.66 | 31.49 | OK | |
| r-release-macos-arm64 | 0.1.8 | 1.00 | 19.00 | 20.00 | OK | |
| r-release-macos-x86_64 | 0.1.8 | 2.00 | 33.00 | 35.00 | OK | |
| r-release-windows-x86_64 | 0.1.8 | 4.00 | 56.00 | 60.00 | OK | |
| r-oldrel-macos-arm64 | 0.1.8 | 1.00 | 25.00 | 26.00 | OK | |
| r-oldrel-macos-x86_64 | 0.1.8 | 2.00 | 46.00 | 48.00 | NOTE | |
| r-oldrel-windows-x86_64 | 0.1.8 | 3.00 | 63.00 | 66.00 | OK |
Version: 0.1.8
Check: HTML version of manual
Result: NOTE
Found the following HTML validation problems:
dataverifyr_plus.html:62:1 (dataverifyr_plus.Rd:19): Warning: missing </ul> before </div>
Flavor: r-devel-linux-x86_64-debian-clang
Version: 0.1.8
Check: package dependencies
Result: NOTE
Package suggested but not available for checking: ‘arrow’
Flavor: r-oldrel-macos-x86_64
Version: 0.1.8
Check: Rd cross-references
Result: NOTE
Package unavailable to check Rd xrefs: ‘arrow’
Flavor: r-oldrel-macos-x86_64