CRAN Package Check Results for Package datrProfile

Last updated on 2025-11-10 09:51:02 CET.

Flavor Version Tinstall Tcheck Ttotal Status Flags
r-devel-linux-x86_64-debian-clang 0.1.0 2.01 25.57 27.58 OK
r-devel-linux-x86_64-debian-gcc 0.1.0 1.63 20.55 22.18 OK
r-devel-linux-x86_64-fedora-clang 0.1.0 41.02 OK
r-devel-linux-x86_64-fedora-gcc 0.1.0 38.46 OK
r-devel-windows-x86_64 0.1.0 4.00 46.00 50.00 OK
r-patched-linux-x86_64 0.1.0 2.09 23.70 25.79 OK
r-release-linux-x86_64 0.1.0 1.73 24.08 25.81 OK
r-release-macos-arm64 0.1.0 1.00 17.00 18.00 OK
r-release-macos-x86_64 0.1.0 2.00 26.00 28.00 OK
r-release-windows-x86_64 0.1.0 4.00 43.00 47.00 OK
r-oldrel-macos-arm64 0.1.0 1.00 18.00 19.00 NOTE
r-oldrel-macos-x86_64 0.1.0 2.00 22.00 24.00 NOTE
r-oldrel-windows-x86_64 0.1.0 5.00 50.00 55.00 NOTE

Check Details

Version: 0.1.0
Check: LazyData
Result: NOTE 'LazyData' is specified without a 'data' directory Flavors: r-oldrel-macos-arm64, r-oldrel-macos-x86_64, r-oldrel-windows-x86_64