Last updated on 2024-09-06 09:49:18 CEST.
Flavor | Version | Tinstall | Tcheck | Ttotal | Status | Flags |
---|---|---|---|---|---|---|
r-devel-linux-x86_64-debian-clang | 0.1.0 | 14.21 | 101.35 | 115.56 | OK | |
r-devel-linux-x86_64-debian-gcc | 0.1.0 | 10.28 | 72.48 | 82.76 | OK | |
r-devel-linux-x86_64-fedora-clang | 0.1.0 | 191.40 | NOTE | |||
r-devel-linux-x86_64-fedora-gcc | 0.1.0 | 185.60 | NOTE | |||
r-devel-windows-x86_64 | 0.1.0 | 17.00 | 116.00 | 133.00 | OK | |
r-patched-linux-x86_64 | 0.1.0 | 12.80 | 96.99 | 109.79 | OK | |
r-release-linux-x86_64 | 0.1.0 | 11.88 | 96.84 | 108.72 | OK | |
r-release-macos-arm64 | 0.1.0 | 50.00 | OK | |||
r-release-macos-x86_64 | 0.1.0 | 73.00 | OK | |||
r-release-windows-x86_64 | 0.1.0 | 16.00 | 111.00 | 127.00 | OK | |
r-oldrel-macos-arm64 | 0.1.0 | 51.00 | OK | |||
r-oldrel-macos-x86_64 | 0.1.0 | 83.00 | OK | |||
r-oldrel-windows-x86_64 | 0.1.0 | 21.00 | 130.00 | 151.00 | OK |
Version: 0.1.0
Check: dependencies in R code
Result: NOTE
Namespaces in Imports field not imported from:
‘reticulate’ ‘tensorflow’
All declared Imports should be used.
Flavors: r-devel-linux-x86_64-fedora-clang, r-devel-linux-x86_64-fedora-gcc