Last updated on 2025-11-20 09:48:25 CET.
| Flavor | Version | Tinstall | Tcheck | Ttotal | Status | Flags |
|---|---|---|---|---|---|---|
| r-devel-linux-x86_64-debian-clang | 0.9 | 1.92 | 23.41 | 25.33 | NOTE | |
| r-devel-linux-x86_64-debian-gcc | 0.9 | 1.66 | 19.79 | 21.45 | NOTE | |
| r-devel-linux-x86_64-fedora-clang | 0.9 | 35.65 | NOTE | |||
| r-devel-linux-x86_64-fedora-gcc | 0.9 | 34.00 | NOTE | |||
| r-devel-windows-x86_64 | 0.9 | 2.00 | 41.00 | 43.00 | NOTE | |
| r-patched-linux-x86_64 | 0.9 | 2.03 | 21.01 | 23.04 | NOTE | |
| r-release-linux-x86_64 | 0.9 | 2.10 | 20.78 | 22.88 | NOTE | |
| r-release-macos-arm64 | 0.9 | NOTE | ||||
| r-release-macos-x86_64 | 0.9 | 2.00 | 25.00 | 27.00 | NOTE | |
| r-release-windows-x86_64 | 0.9 | 3.00 | 40.00 | 43.00 | NOTE | |
| r-oldrel-macos-arm64 | 0.9 | OK | ||||
| r-oldrel-macos-x86_64 | 0.9 | 2.00 | 23.00 | 25.00 | OK | |
| r-oldrel-windows-x86_64 | 0.9 | 4.00 | 47.00 | 51.00 | OK |
Version: 0.9
Check: CRAN incoming feasibility
Result: NOTE
Maintainer: ‘Toshihiro Umehara <toshi@niceume.com>’
The BugReports field in DESCRIPTION has
https://github.com/niceume/defineOptions
which should likely be
https://github.com/niceume/defineOptions/issues
instead.
Flavors: r-devel-linux-x86_64-debian-clang, r-devel-linux-x86_64-debian-gcc
Version: 0.9
Check: DESCRIPTION meta-information
Result: NOTE
Missing dependency on R >= 4.1.0 because package code uses the pipe
|> or function shorthand \(...) syntax added in R 4.1.0.
File(s) using such syntax:
‘defineOptions-package.Rd’ ‘define_option.Rd’ ‘parse_with_defs.Rd’
‘summary.parsed_result.Rd’
Flavors: r-devel-linux-x86_64-debian-clang, r-devel-linux-x86_64-debian-gcc, r-devel-linux-x86_64-fedora-clang, r-devel-linux-x86_64-fedora-gcc, r-devel-windows-x86_64, r-patched-linux-x86_64, r-release-linux-x86_64, r-release-macos-arm64, r-release-macos-x86_64, r-release-windows-x86_64