Last updated on 2024-08-05 09:48:05 CEST.
Flavor | Version | Tinstall | Tcheck | Ttotal | Status | Flags |
---|---|---|---|---|---|---|
r-devel-linux-x86_64-debian-clang | 0.6.15 | 98.48 | 130.03 | 228.51 | NOTE | |
r-devel-linux-x86_64-debian-gcc | 0.6.15 | 49.62 | 71.74 | 121.36 | NOTE | |
r-devel-linux-x86_64-fedora-clang | 0.6.15 | 318.10 | NOTE | |||
r-devel-linux-x86_64-fedora-gcc | 0.6.15 | 338.73 | NOTE | |||
r-devel-windows-x86_64 | 0.6.15 | 99.00 | 129.00 | 228.00 | NOTE | |
r-patched-linux-x86_64 | 0.6.15 | 74.81 | 95.12 | 169.93 | NOTE | |
r-release-linux-x86_64 | 0.6.15 | 63.61 | 122.70 | 186.31 | NOTE | |
r-release-macos-arm64 | 0.6.15 | 91.00 | NOTE | |||
r-release-macos-x86_64 | 0.6.15 | 135.00 | NOTE | |||
r-release-windows-x86_64 | 0.6.15 | 100.00 | 130.00 | 230.00 | NOTE | |
r-oldrel-macos-arm64 | 0.6.15 | 107.00 | NOTE | |||
r-oldrel-macos-x86_64 | 0.6.15 | 177.00 | NOTE | |||
r-oldrel-windows-x86_64 | 0.6.15 | 120.00 | 147.00 | 267.00 | NOTE |
Version: 0.6.15
Check: for GNU extensions in Makefiles
Result: NOTE
GNU make is a SystemRequirements.
Flavors: r-devel-linux-x86_64-debian-clang, r-devel-linux-x86_64-debian-gcc, r-devel-linux-x86_64-fedora-clang, r-devel-linux-x86_64-fedora-gcc, r-devel-windows-x86_64, r-patched-linux-x86_64, r-release-linux-x86_64, r-release-macos-arm64, r-release-macos-x86_64, r-release-windows-x86_64, r-oldrel-macos-arm64, r-oldrel-macos-x86_64, r-oldrel-windows-x86_64