Last updated on 2024-08-05 09:48:05 CEST.
Flavor | Version | Tinstall | Tcheck | Ttotal | Status | Flags |
---|---|---|---|---|---|---|
r-devel-linux-x86_64-debian-clang | 0.1 | 4.52 | 36.94 | 41.46 | NOTE | |
r-devel-linux-x86_64-debian-gcc | 0.1 | 2.73 | 21.84 | 24.57 | NOTE | |
r-devel-linux-x86_64-fedora-clang | 0.1 | 52.39 | NOTE | |||
r-devel-linux-x86_64-fedora-gcc | 0.1 | 47.91 | NOTE | |||
r-devel-windows-x86_64 | 0.1 | 6.00 | 49.00 | 55.00 | NOTE | |
r-patched-linux-x86_64 | 0.1 | 3.87 | 27.03 | 30.90 | NOTE | |
r-release-linux-x86_64 | 0.1 | 4.72 | 35.03 | 39.75 | NOTE | |
r-release-macos-arm64 | 0.1 | 19.00 | NOTE | |||
r-release-macos-x86_64 | 0.1 | 27.00 | NOTE | |||
r-release-windows-x86_64 | 0.1 | 6.00 | 49.00 | 55.00 | NOTE | |
r-oldrel-macos-arm64 | 0.1 | 22.00 | NOTE | |||
r-oldrel-macos-x86_64 | 0.1 | 28.00 | NOTE | |||
r-oldrel-windows-x86_64 | 0.1 | 6.00 | 51.00 | 57.00 | NOTE |
Version: 0.1
Check: LazyData
Result: NOTE
'LazyData' is specified without a 'data' directory
Flavors: r-devel-linux-x86_64-debian-clang, r-devel-linux-x86_64-debian-gcc, r-devel-linux-x86_64-fedora-clang, r-devel-linux-x86_64-fedora-gcc, r-devel-windows-x86_64, r-patched-linux-x86_64, r-release-linux-x86_64, r-release-macos-arm64, r-release-macos-x86_64, r-release-windows-x86_64, r-oldrel-macos-arm64, r-oldrel-macos-x86_64, r-oldrel-windows-x86_64