Last updated on 2024-08-05 09:48:05 CEST.
Flavor | Version | Tinstall | Tcheck | Ttotal | Status | Flags |
---|---|---|---|---|---|---|
r-devel-linux-x86_64-debian-clang | 1.0.1 | 42.22 | 70.18 | 112.40 | OK | |
r-devel-linux-x86_64-debian-gcc | 1.0.1 | 18.20 | 41.67 | 59.87 | OK | |
r-devel-linux-x86_64-fedora-clang | 1.0.1 | 146.49 | OK | |||
r-devel-linux-x86_64-fedora-gcc | 1.0.1 | 151.58 | OK | |||
r-devel-windows-x86_64 | 1.0.1 | 34.00 | 94.00 | 128.00 | OK | |
r-patched-linux-x86_64 | 1.0.1 | 25.26 | 53.77 | 79.03 | OK | |
r-release-linux-x86_64 | 1.0.1 | 23.72 | 70.25 | 93.97 | OK | |
r-release-macos-arm64 | 1.0.1 | 54.00 | OK | |||
r-release-macos-x86_64 | 1.0.1 | 72.00 | OK | |||
r-release-windows-x86_64 | 1.0.1 | 32.00 | 92.00 | 124.00 | OK | |
r-oldrel-macos-arm64 | 1.0.1 | 52.00 | OK | |||
r-oldrel-macos-x86_64 | 1.0.1 | 73.00 | NOTE | |||
r-oldrel-windows-x86_64 | 1.0.1 | 37.00 | 105.00 | 142.00 | OK |
Version: 1.0.1
Check: package dependencies
Result: NOTE
Package suggested but not available for checking: ‘parallelDist’
Flavor: r-oldrel-macos-x86_64