Last updated on 2024-08-05 09:48:05 CEST.
Flavor | Version | Tinstall | Tcheck | Ttotal | Status | Flags |
---|---|---|---|---|---|---|
r-devel-linux-x86_64-debian-clang | 0.3.0 | 106.64 | 204.65 | 311.29 | NOTE | |
r-devel-linux-x86_64-debian-gcc | 0.3.0 | 72.30 | 111.21 | 183.51 | NOTE | |
r-devel-linux-x86_64-fedora-clang | 0.3.0 | 610.97 | OK | |||
r-devel-linux-x86_64-fedora-gcc | 0.3.0 | 710.91 | OK | |||
r-devel-windows-x86_64 | 0.3.0 | 98.00 | 305.00 | 403.00 | NOTE | |
r-patched-linux-x86_64 | 0.3.0 | 100.19 | 154.49 | 254.68 | NOTE | |
r-release-linux-x86_64 | 0.3.0 | 82.51 | 205.34 | 287.85 | NOTE | |
r-release-macos-arm64 | 0.3.0 | 107.00 | NOTE | |||
r-release-macos-x86_64 | 0.3.0 | 188.00 | NOTE | |||
r-release-windows-x86_64 | 0.3.0 | 92.00 | 292.00 | 384.00 | NOTE | |
r-oldrel-macos-arm64 | 0.3.0 | 96.00 | NOTE | |||
r-oldrel-macos-x86_64 | 0.3.0 | 273.00 | NOTE | |||
r-oldrel-windows-x86_64 | 0.3.0 | 112.00 | 227.00 | 339.00 | NOTE |
Version: 0.3.0
Check: package dependencies
Result: NOTE
Package suggested but not available for checking: ‘INLA’
Flavors: r-devel-linux-x86_64-debian-clang, r-devel-linux-x86_64-debian-gcc, r-patched-linux-x86_64, r-release-linux-x86_64, r-release-macos-arm64, r-release-macos-x86_64, r-oldrel-macos-arm64, r-oldrel-macos-x86_64, r-oldrel-windows-x86_64
Version: 0.3.0
Check: installed package size
Result: NOTE
installed size is 13.3Mb
sub-directories of 1Mb or more:
libs 12.8Mb
Flavors: r-devel-windows-x86_64, r-release-macos-arm64, r-release-macos-x86_64, r-release-windows-x86_64, r-oldrel-macos-arm64, r-oldrel-macos-x86_64, r-oldrel-windows-x86_64