Last updated on 2024-08-05 09:48:05 CEST.
Flavor | Version | Tinstall | Tcheck | Ttotal | Status | Flags |
---|---|---|---|---|---|---|
r-devel-linux-x86_64-debian-clang | 1.1.0 | 630.86 | 414.22 | 1045.08 | NOTE | |
r-devel-linux-x86_64-debian-gcc | 1.1.0 | 316.59 | 209.25 | 525.84 | NOTE | |
r-devel-linux-x86_64-fedora-clang | 1.1.0 | 1189.11 | NOTE | |||
r-devel-linux-x86_64-fedora-gcc | 1.1.0 | 1365.21 | NOTE | |||
r-devel-windows-x86_64 | 1.1.0 | 356.00 | 309.00 | 665.00 | NOTE | |
r-patched-linux-x86_64 | 1.1.0 | 424.76 | 310.61 | 735.37 | NOTE | |
r-release-linux-x86_64 | 1.1.0 | 339.90 | 421.38 | 761.28 | NOTE | |
r-release-macos-arm64 | 1.1.0 | 250.00 | NOTE | |||
r-release-macos-x86_64 | 1.1.0 | 351.00 | NOTE | |||
r-release-windows-x86_64 | 1.1.0 | 337.00 | 304.00 | 641.00 | NOTE | |
r-oldrel-macos-arm64 | 1.1.0 | 522.00 | NOTE | |||
r-oldrel-macos-x86_64 | 1.1.0 | 611.00 | NOTE | |||
r-oldrel-windows-x86_64 | 1.1.0 | 470.00 | 389.00 | 859.00 | NOTE |
Version: 1.1.0
Check: for GNU extensions in Makefiles
Result: NOTE
GNU make is a SystemRequirements.
Flavors: r-devel-linux-x86_64-debian-clang, r-devel-linux-x86_64-debian-gcc, r-devel-linux-x86_64-fedora-clang, r-devel-linux-x86_64-fedora-gcc, r-devel-windows-x86_64, r-patched-linux-x86_64, r-release-linux-x86_64, r-release-macos-arm64, r-release-macos-x86_64, r-release-windows-x86_64, r-oldrel-macos-arm64, r-oldrel-macos-x86_64, r-oldrel-windows-x86_64
Version: 1.1.0
Check: installed package size
Result: NOTE
installed size is 7.4Mb
sub-directories of 1Mb or more:
libs 6.6Mb
Flavors: r-devel-linux-x86_64-fedora-clang, r-devel-windows-x86_64, r-release-macos-arm64, r-release-macos-x86_64, r-release-windows-x86_64, r-oldrel-macos-arm64, r-oldrel-macos-x86_64, r-oldrel-windows-x86_64