Last updated on 2024-08-16 09:49:03 CEST.
Flavor | Version | Tinstall | Tcheck | Ttotal | Status | Flags |
---|---|---|---|---|---|---|
r-devel-linux-x86_64-debian-clang | 2.0.6 | 24.22 | 234.27 | 258.49 | NOTE | |
r-devel-linux-x86_64-debian-gcc | 2.0.6 | 14.69 | 137.67 | 152.36 | NOTE | |
r-devel-linux-x86_64-fedora-clang | 2.0.6 | 422.61 | OK | |||
r-devel-linux-x86_64-fedora-gcc | 2.0.6 | 748.37 | OK | |||
r-devel-windows-x86_64 | 2.0.6 | 23.00 | 198.00 | 221.00 | OK | |
r-patched-linux-x86_64 | 2.0.6 | 18.52 | 217.65 | 236.17 | NOTE | |
r-release-linux-x86_64 | 2.0.6 | 20.95 | 219.32 | 240.27 | NOTE | |
r-release-macos-arm64 | 2.0.6 | 88.00 | NOTE | |||
r-release-macos-x86_64 | 2.0.6 | 153.00 | NOTE | |||
r-release-windows-x86_64 | 2.0.6 | 23.00 | 195.00 | 218.00 | OK | |
r-oldrel-macos-arm64 | 2.0.6 | 108.00 | NOTE | |||
r-oldrel-macos-x86_64 | 2.0.6 | 347.00 | NOTE | |||
r-oldrel-windows-x86_64 | 2.0.6 | 29.00 | 252.00 | 281.00 | NOTE |
Version: 2.0.6
Check: package dependencies
Result: NOTE
Package which this enhances but not available for checking: ‘INLA’
Flavors: r-devel-linux-x86_64-debian-clang, r-devel-linux-x86_64-debian-gcc, r-patched-linux-x86_64, r-release-linux-x86_64, r-release-macos-arm64, r-release-macos-x86_64, r-oldrel-macos-arm64, r-oldrel-macos-x86_64, r-oldrel-windows-x86_64