Last updated on 2024-07-08 09:48:56 CEST.
Flavor | Version | Tinstall | Tcheck | Ttotal | Status | Flags |
---|---|---|---|---|---|---|
r-devel-linux-x86_64-debian-clang | 2.8.2 | 22.92 | 67.96 | 90.88 | OK | |
r-devel-linux-x86_64-debian-gcc | 2.8.2 | 17.95 | 50.70 | 68.65 | OK | |
r-devel-linux-x86_64-fedora-clang | 2.8.2 | 112.65 | NOTE | |||
r-devel-linux-x86_64-fedora-gcc | 2.8.2 | 106.98 | OK | |||
r-devel-windows-x86_64 | 2.8.2 | 18.00 | 74.00 | 92.00 | OK | |
r-patched-linux-x86_64 | 2.8.2 | 22.48 | 64.98 | 87.46 | OK | |
r-release-linux-x86_64 | 2.8.2 | 21.43 | 64.26 | 85.69 | OK | |
r-release-macos-arm64 | 2.8.2 | 36.00 | OK | |||
r-release-macos-x86_64 | 2.8.2 | 56.00 | OK | |||
r-release-windows-x86_64 | 2.8.2 | 17.00 | 73.00 | 90.00 | OK | |
r-oldrel-macos-arm64 | 2.8.2 | 50.00 | OK | |||
r-oldrel-macos-x86_64 | 2.8.2 | 67.00 | OK | |||
r-oldrel-windows-x86_64 | 2.8.2 | 23.00 | 79.00 | 102.00 | OK |
Version: 2.8.2
Check: Rd cross-references
Result: NOTE
Undeclared package ‘distr’ in Rd xrefs
Flavor: r-devel-linux-x86_64-fedora-clang