Last updated on 2024-09-06 09:49:18 CEST.
Flavor | Version | Tinstall | Tcheck | Ttotal | Status | Flags |
---|---|---|---|---|---|---|
r-devel-linux-x86_64-debian-clang | 1.0.3.1 | 8.07 | 25.02 | 33.09 | OK | |
r-devel-linux-x86_64-debian-gcc | 1.0.3.1 | 5.20 | 20.55 | 25.75 | OK | |
r-devel-linux-x86_64-fedora-clang | 1.0.3.1 | 53.99 | NOTE | |||
r-devel-linux-x86_64-fedora-gcc | 1.0.3.1 | 48.49 | OK | |||
r-devel-windows-x86_64 | 1.0.3.1 | 15.00 | 67.00 | 82.00 | NOTE | |
r-patched-linux-x86_64 | 1.0.3.1 | 6.71 | 24.62 | 31.33 | OK | |
r-release-linux-x86_64 | 1.0.3.1 | 6.75 | 24.58 | 31.33 | OK | |
r-release-macos-arm64 | 1.0.3.1 | 25.00 | NOTE | |||
r-release-macos-x86_64 | 1.0.3.1 | 38.00 | NOTE | |||
r-release-windows-x86_64 | 1.0.3.1 | 18.00 | 63.00 | 81.00 | NOTE | |
r-oldrel-macos-arm64 | 1.0.3.1 | 25.00 | NOTE | |||
r-oldrel-macos-x86_64 | 1.0.3.1 | 40.00 | NOTE | |||
r-oldrel-windows-x86_64 | 1.0.3.1 | 16.00 | 71.00 | 87.00 | NOTE |
Version: 1.0.3.1
Check: installed package size
Result: NOTE
installed size is 16.6Mb
sub-directories of 1Mb or more:
include 16.3Mb
Flavors: r-devel-linux-x86_64-fedora-clang, r-devel-windows-x86_64, r-release-macos-arm64, r-release-macos-x86_64, r-release-windows-x86_64, r-oldrel-macos-arm64, r-oldrel-macos-x86_64, r-oldrel-windows-x86_64