Last updated on 2025-11-21 09:49:01 CET.
| Flavor | Version | Tinstall | Tcheck | Ttotal | Status | Flags |
|---|---|---|---|---|---|---|
| r-devel-linux-x86_64-debian-clang | 1.8.6.2 | 1.86 | 29.43 | 31.29 | OK | |
| r-devel-linux-x86_64-debian-gcc | 1.8.6.2 | 1.63 | 23.19 | 24.82 | OK | |
| r-devel-linux-x86_64-fedora-clang | 1.8.6.2 | 46.21 | OK | |||
| r-devel-linux-x86_64-fedora-gcc | 1.8.6.2 | 44.15 | OK | |||
| r-devel-windows-x86_64 | 1.8.6.2 | 5.00 | 49.00 | 54.00 | OK | |
| r-patched-linux-x86_64 | 1.8.6.2 | 2.05 | 27.31 | 29.36 | OK | |
| r-release-linux-x86_64 | 1.8.6.2 | 2.02 | 27.61 | 29.63 | OK | |
| r-release-macos-arm64 | 1.8.6.2 | OK | ||||
| r-release-macos-x86_64 | 1.8.6.2 | 4.00 | 63.00 | 67.00 | OK | |
| r-release-windows-x86_64 | 1.8.6.2 | 4.00 | 50.00 | 54.00 | OK | |
| r-oldrel-macos-arm64 | 1.8.6.2 | NOTE | ||||
| r-oldrel-macos-x86_64 | 1.8.6.2 | 5.00 | 70.00 | 75.00 | NOTE | |
| r-oldrel-windows-x86_64 | 1.8.6.2 | 4.00 | 57.00 | 61.00 | OK |
Version: 1.8.6.2
Check: package dependencies
Result: NOTE
Package suggested but not available for checking: ‘doMPI’
Flavors: r-oldrel-macos-arm64, r-oldrel-macos-x86_64
Version: 1.8.6.2
Check: Rd cross-references
Result: NOTE
Package unavailable to check Rd xrefs: ‘doMPI’
Flavors: r-oldrel-macos-arm64, r-oldrel-macos-x86_64