CRAN Package Check Results for Package domino

Last updated on 2025-11-20 09:48:26 CET.

Flavor Version Tinstall Tcheck Ttotal Status Flags
r-devel-linux-x86_64-debian-clang 0.3.1 1.66 21.70 23.36 NOTE
r-devel-linux-x86_64-debian-gcc 0.3.1 1.46 17.41 18.87 NOTE
r-devel-linux-x86_64-fedora-clang 0.3.1 33.82 OK
r-devel-linux-x86_64-fedora-gcc 0.3.1 31.91 OK
r-devel-windows-x86_64 0.3.1 5.00 42.00 47.00 OK
r-patched-linux-x86_64 0.3.1 1.84 19.83 21.67 OK
r-release-linux-x86_64 0.3.1 1.53 19.74 21.27 OK
r-release-macos-arm64 0.3.1 OK
r-release-macos-x86_64 0.3.1 2.00 23.00 25.00 OK
r-release-windows-x86_64 0.3.1 3.00 40.00 43.00 OK
r-oldrel-macos-arm64 0.3.1 OK
r-oldrel-macos-x86_64 0.3.1 2.00 19.00 21.00 OK
r-oldrel-windows-x86_64 0.3.1 3.00 46.00 49.00 OK

Check Details

Version: 0.3.1
Check: CRAN incoming feasibility
Result: NOTE Maintainer: ‘Nick Elprin <nick@dominodatalab.com>’ No Authors@R field in DESCRIPTION. Please add one, modifying Authors@R: c(person(given = "Jacek", family = "Glodek", role = "aut", email = "jacek@theiterators.com"), person(given = "Nick", family = "Elprin", role = "cre", email = "nick@dominodatalab.com")) as necessary. Found the following \keyword or \concept entries which likely give several index terms: File ‘domino-package.Rd’: \keyword{domino,} \keyword{package,} Flavors: r-devel-linux-x86_64-debian-clang, r-devel-linux-x86_64-debian-gcc