Last updated on 2024-08-05 09:48:05 CEST.
Flavor | Version | Tinstall | Tcheck | Ttotal | Status | Flags |
---|---|---|---|---|---|---|
r-devel-linux-x86_64-debian-clang | 1.0.1 | 11.71 | 89.64 | 101.35 | NOTE | |
r-devel-linux-x86_64-debian-gcc | 1.0.1 | 6.21 | 48.60 | 54.81 | NOTE | |
r-devel-linux-x86_64-fedora-clang | 1.0.1 | 136.99 | NOTE | |||
r-devel-linux-x86_64-fedora-gcc | 1.0.1 | 118.35 | NOTE | |||
r-devel-windows-x86_64 | 1.0.1 | 10.00 | 132.00 | 142.00 | NOTE | |
r-patched-linux-x86_64 | 1.0.1 | 6.56 | 67.16 | 73.72 | NOTE | |
r-release-linux-x86_64 | 1.0.1 | 5.96 | 84.44 | 90.40 | NOTE | |
r-release-macos-arm64 | 1.0.1 | 59.00 | NOTE | |||
r-release-macos-x86_64 | 1.0.1 | 91.00 | NOTE | |||
r-release-windows-x86_64 | 1.0.1 | 10.00 | 129.00 | 139.00 | NOTE | |
r-oldrel-macos-arm64 | 1.0.1 | 58.00 | NOTE | |||
r-oldrel-macos-x86_64 | 1.0.1 | 116.00 | NOTE | |||
r-oldrel-windows-x86_64 | 1.0.1 | 14.00 | 168.00 | 182.00 | NOTE |
Version: 1.0.1
Check: package subdirectories
Result: NOTE
Problems with news in ‘NEWS.md’:
No news entries found.
Flavors: r-devel-linux-x86_64-debian-clang, r-devel-linux-x86_64-debian-gcc, r-devel-linux-x86_64-fedora-clang, r-devel-linux-x86_64-fedora-gcc, r-devel-windows-x86_64, r-patched-linux-x86_64, r-release-linux-x86_64, r-release-macos-arm64, r-release-macos-x86_64, r-release-windows-x86_64, r-oldrel-macos-arm64, r-oldrel-macos-x86_64, r-oldrel-windows-x86_64