Last updated on 2024-08-05 09:48:05 CEST.
Flavor | Version | Tinstall | Tcheck | Ttotal | Status | Flags |
---|---|---|---|---|---|---|
r-devel-linux-x86_64-debian-clang | 0.4.1 | 16.98 | 193.94 | 210.92 | OK | |
r-devel-linux-x86_64-debian-gcc | 0.4.1 | 8.25 | 114.62 | 122.87 | OK | |
r-devel-linux-x86_64-fedora-clang | 0.4.1 | 283.57 | NOTE | |||
r-devel-linux-x86_64-fedora-gcc | 0.4.1 | 263.43 | OK | |||
r-devel-windows-x86_64 | 0.4.1 | 13.00 | 150.00 | 163.00 | NOTE | |
r-patched-linux-x86_64 | 0.4.1 | 11.95 | 144.43 | 156.38 | OK | |
r-release-linux-x86_64 | 0.4.1 | 9.29 | 184.06 | 193.35 | OK | |
r-release-macos-arm64 | 0.4.1 | 5.00 | ERROR | |||
r-release-macos-x86_64 | 0.4.1 | 7.00 | ERROR | |||
r-release-windows-x86_64 | 0.4.1 | 14.00 | 150.00 | 164.00 | NOTE | |
r-oldrel-macos-arm64 | 0.4.1 | 93.00 | NOTE | |||
r-oldrel-macos-x86_64 | 0.4.1 | 13.00 | ERROR | |||
r-oldrel-windows-x86_64 | 0.4.1 | 18.00 | 183.00 | 201.00 | NOTE |
Version: 0.4.1
Check: installed package size
Result: NOTE
installed size is 5.4Mb
sub-directories of 1Mb or more:
data 1.6Mb
extdata 3.2Mb
Flavors: r-devel-linux-x86_64-fedora-clang, r-devel-windows-x86_64, r-release-windows-x86_64, r-oldrel-macos-arm64, r-oldrel-windows-x86_64
Version: 0.4.1
Check: package dependencies
Result: ERROR
Packages required but not available:
'TxDb.Hsapiens.UCSC.hg19.knownGene',
'TxDb.Hsapiens.UCSC.hg38.knownGene'
See section ‘The DESCRIPTION file’ in the ‘Writing R Extensions’
manual.
Flavors: r-release-macos-arm64, r-release-macos-x86_64
Version: 0.4.1
Check: package dependencies
Result: ERROR
Package required but not available: ‘TxDb.Hsapiens.UCSC.hg38.knownGene’
See section ‘The DESCRIPTION file’ in the ‘Writing R Extensions’
manual.
Flavor: r-oldrel-macos-x86_64