Last updated on 2024-09-06 09:49:18 CEST.
Flavor | Version | Tinstall | Tcheck | Ttotal | Status | Flags |
---|---|---|---|---|---|---|
r-devel-linux-x86_64-debian-clang | 1.0.4 | 17.25 | 261.65 | 278.90 | NOTE | |
r-devel-linux-x86_64-debian-gcc | 1.0.4 | 12.11 | 179.34 | 191.45 | NOTE | |
r-devel-linux-x86_64-fedora-clang | 1.0.4 | 451.35 | OK | |||
r-devel-linux-x86_64-fedora-gcc | 1.0.4 | 435.49 | OK | |||
r-devel-windows-x86_64 | 1.0.4 | 19.00 | 289.00 | 308.00 | NOTE | |
r-patched-linux-x86_64 | 1.0.4 | 20.51 | 253.56 | 274.07 | OK | |
r-release-linux-x86_64 | 1.0.4 | 16.39 | 257.84 | 274.23 | OK | |
r-release-macos-arm64 | 1.0.4 | 129.00 | OK | |||
r-release-macos-x86_64 | 1.0.4 | 188.00 | OK | |||
r-release-windows-x86_64 | 1.0.4 | 18.00 | 286.00 | 304.00 | OK | |
r-oldrel-macos-arm64 | 1.0.4 | 127.00 | OK | |||
r-oldrel-macos-x86_64 | 1.0.4 | 354.00 | OK | |||
r-oldrel-windows-x86_64 | 1.0.4 | 24.00 | 347.00 | 371.00 | OK |
Version: 1.0.4
Check: Rd cross-references
Result: NOTE
Found the following Rd file(s) with Rd \link{} targets missing package
anchors:
Survey.LT-class.Rd: make.design
Survey.PT-class.Rd: make.design
dsims-package.Rd: make.region, make.design
make.density.Rd: make.region
make.ds.analysis.Rd: ds
make.population.description.Rd: make.region
make.simulation.Rd: make.design, make.region
Please provide package anchors for all Rd \link{} targets not in the
package itself and the base packages.
Flavors: r-devel-linux-x86_64-debian-clang, r-devel-linux-x86_64-debian-gcc, r-devel-windows-x86_64