Last updated on 2024-08-05 09:48:05 CEST.
Flavor | Version | Tinstall | Tcheck | Ttotal | Status | Flags |
---|---|---|---|---|---|---|
r-devel-linux-x86_64-debian-clang | 6.0.0 | 172.07 | 468.11 | 640.18 | NOTE | |
r-devel-linux-x86_64-debian-gcc | 6.0.0 | 84.85 | 257.63 | 342.48 | NOTE | |
r-devel-linux-x86_64-fedora-clang | 6.0.0 | 866.50 | NOTE | |||
r-devel-linux-x86_64-fedora-gcc | 6.0.0 | 858.95 | NOTE | |||
r-devel-windows-x86_64 | 6.0.0 | 159.00 | 332.00 | 491.00 | NOTE | |
r-patched-linux-x86_64 | 6.0.0 | 118.83 | 340.57 | 459.40 | NOTE | |
r-release-linux-x86_64 | 6.0.0 | 112.84 | 447.97 | 560.81 | NOTE | |
r-release-macos-arm64 | 6.0.0 | 194.00 | NOTE | |||
r-release-macos-x86_64 | 6.0.0 | 492.00 | NOTE | |||
r-release-windows-x86_64 | 6.0.0 | 160.00 | 338.00 | 498.00 | NOTE | |
r-oldrel-macos-arm64 | 6.0.0 | 196.00 | NOTE | |||
r-oldrel-macos-x86_64 | 6.0.0 | 405.00 | NOTE | |||
r-oldrel-windows-x86_64 | 6.0.0 | 190.00 | 414.00 | 604.00 | NOTE |
Version: 6.0.0
Check: for GNU extensions in Makefiles
Result: NOTE
GNU make is a SystemRequirements.
Flavors: r-devel-linux-x86_64-debian-clang, r-devel-linux-x86_64-debian-gcc, r-devel-linux-x86_64-fedora-clang, r-devel-linux-x86_64-fedora-gcc, r-devel-windows-x86_64, r-patched-linux-x86_64, r-release-linux-x86_64, r-release-macos-arm64, r-release-macos-x86_64, r-release-windows-x86_64, r-oldrel-macos-arm64, r-oldrel-macos-x86_64, r-oldrel-windows-x86_64
Version: 6.0.0
Check: installed package size
Result: NOTE
installed size is 9.3Mb
sub-directories of 1Mb or more:
doc 2.1Mb
libs 5.8Mb
Flavors: r-release-macos-arm64, r-release-macos-x86_64, r-oldrel-macos-arm64, r-oldrel-macos-x86_64