Last updated on 2025-10-22 09:50:31 CEST.
Flavor | Version | Tinstall | Tcheck | Ttotal | Status | Flags |
---|---|---|---|---|---|---|
r-devel-linux-x86_64-debian-clang | 0.1.2 | 2.27 | 31.19 | 33.46 | NOTE | |
r-devel-linux-x86_64-debian-gcc | 0.1.2 | 1.65 | 24.47 | 26.12 | NOTE | |
r-devel-linux-x86_64-fedora-clang | 0.1.2 | 49.62 | OK | |||
r-devel-linux-x86_64-fedora-gcc | 0.1.2 | 45.93 | OK | |||
r-devel-windows-x86_64 | 0.1.2 | 4.00 | 50.00 | 54.00 | OK | |
r-patched-linux-x86_64 | 0.1.2 | 2.20 | 27.81 | 30.01 | OK | |
r-release-linux-x86_64 | 0.1.2 | 2.09 | 27.86 | 29.95 | OK | |
r-release-macos-arm64 | 0.1.2 | 1.00 | 19.00 | 20.00 | OK | |
r-release-macos-x86_64 | 0.1.2 | 2.00 | 33.00 | 35.00 | OK | |
r-release-windows-x86_64 | 0.1.2 | 4.00 | 53.00 | 57.00 | OK | |
r-oldrel-macos-arm64 | 0.1.2 | 1.00 | 23.00 | 24.00 | OK | |
r-oldrel-macos-x86_64 | 0.1.2 | 2.00 | 36.00 | 38.00 | OK | |
r-oldrel-windows-x86_64 | 0.1.2 | 5.00 | 58.00 | 63.00 | OK |
Version: 0.1.2
Check: HTML version of manual
Result: NOTE
Found the following HTML validation problems:
duckdb_secrets.html:100:1 (duckdb_secrets.Rd:44): Warning: missing </ul> before </div>
to_geojson.html:60:1 (to_geojson.Rd:18): Warning: missing </ul> before </div>
to_json.html:71:1 (to_json.Rd:26): Warning: missing </ul> before </div>
Flavors: r-devel-linux-x86_64-debian-clang, r-devel-linux-x86_64-debian-gcc