Last updated on 2024-08-05 09:48:05 CEST.
Flavor | Version | Tinstall | Tcheck | Ttotal | Status | Flags |
---|---|---|---|---|---|---|
r-devel-linux-x86_64-debian-clang | 1.0.2 | 11.40 | 104.74 | 116.14 | NOTE | |
r-devel-linux-x86_64-debian-gcc | 1.0.2 | 8.21 | 58.31 | 66.52 | NOTE | |
r-devel-linux-x86_64-fedora-clang | 1.0.2 | 152.99 | NOTE | |||
r-devel-linux-x86_64-fedora-gcc | 1.0.2 | 135.62 | NOTE | |||
r-devel-windows-x86_64 | 1.0.2 | 10.00 | 90.00 | 100.00 | NOTE | |
r-patched-linux-x86_64 | 1.0.2 | 9.19 | 77.42 | 86.61 | NOTE | |
r-release-linux-x86_64 | 1.0.2 | 7.35 | 98.37 | 105.72 | NOTE | |
r-release-macos-arm64 | 1.0.2 | 44.00 | NOTE | |||
r-release-macos-x86_64 | 1.0.2 | 66.00 | NOTE | |||
r-release-windows-x86_64 | 1.0.2 | 11.00 | 89.00 | 100.00 | NOTE | |
r-oldrel-macos-arm64 | 1.0.2 | 46.00 | NOTE | |||
r-oldrel-macos-x86_64 | 1.0.2 | 76.00 | NOTE | |||
r-oldrel-windows-x86_64 | 1.0.2 | 13.00 | 106.00 | 119.00 | NOTE |
Version: 1.0.2
Check: LazyData
Result: NOTE
'LazyData' is specified without a 'data' directory
Flavors: r-devel-linux-x86_64-debian-clang, r-devel-linux-x86_64-debian-gcc, r-devel-linux-x86_64-fedora-clang, r-devel-linux-x86_64-fedora-gcc, r-devel-windows-x86_64, r-patched-linux-x86_64, r-release-linux-x86_64, r-release-macos-arm64, r-release-macos-x86_64, r-release-windows-x86_64, r-oldrel-macos-arm64, r-oldrel-macos-x86_64, r-oldrel-windows-x86_64