Last updated on 2025-05-13 09:53:24 CEST.
Flavor | Version | Tinstall | Tcheck | Ttotal | Status | Flags |
---|---|---|---|---|---|---|
r-devel-linux-x86_64-debian-clang | 1.5-3 | 82.80 | 31.29 | 114.09 | NOTE | |
r-devel-linux-x86_64-debian-gcc | 1.5-3 | 56.71 | 24.16 | 80.87 | NOTE | |
r-devel-linux-x86_64-fedora-clang | 1.5-4 | 241.08 | OK | |||
r-devel-linux-x86_64-fedora-gcc | 1.5-4 | 236.98 | OK | |||
r-devel-windows-x86_64 | 1.5-4 | 82.00 | 88.00 | 170.00 | OK | |
r-patched-linux-x86_64 | 1.5-3 | 77.38 | 29.16 | 106.54 | NOTE | |
r-release-linux-x86_64 | 1.5-3 | 78.91 | 29.02 | 107.93 | NOTE | |
r-release-macos-arm64 | 1.5-4 | 51.00 | OK | |||
r-release-macos-x86_64 | 1.5-4 | 74.00 | OK | |||
r-release-windows-x86_64 | 1.5-3 | 92.00 | 73.00 | 165.00 | NOTE | |
r-oldrel-macos-arm64 | 1.5-4 | 49.00 | OK | |||
r-oldrel-macos-x86_64 | 1.5-4 | 79.00 | OK | |||
r-oldrel-windows-x86_64 | 1.5-3 | 105.00 | 87.00 | 192.00 | OK |
Version: 1.5-3
Check: CRAN incoming feasibility
Result: NOTE
Maintainer: ‘Leopoldo Catania <leopoldo.catania@econ.au.dk>’
No Authors@R field in DESCRIPTION.
Please add one, modifying
Authors@R: c(person(given = "Leopoldo",
family = "Catania",
role = c("aut", "cre"),
email = "leopoldo.catania@econ.au.dk"),
person(given = "Nima",
family = "Nonejad",
role = "aut"))
as necessary.
Flavors: r-devel-linux-x86_64-debian-clang, r-devel-linux-x86_64-debian-gcc
Version: 1.5-3
Check: Rd cross-references
Result: NOTE
Found the following Rd file(s) with Rd \link{} targets missing package
anchors:
USData.Rd: xts
USRecessions.Rd: zoo
Please provide package anchors for all Rd \link{} targets not in the
package itself and the base packages.
Flavors: r-devel-linux-x86_64-debian-clang, r-devel-linux-x86_64-debian-gcc, r-patched-linux-x86_64, r-release-linux-x86_64, r-release-windows-x86_64