Last updated on 2025-10-21 09:48:30 CEST.
Flavor | Version | Tinstall | Tcheck | Ttotal | Status | Flags |
---|---|---|---|---|---|---|
r-devel-linux-x86_64-debian-clang | 0.1.4 | 3.71 | 35.17 | 38.88 | OK | |
r-devel-linux-x86_64-debian-gcc | 0.1.4 | 2.69 | 27.75 | 30.44 | NOTE | |
r-devel-linux-x86_64-fedora-clang | 0.1.4 | 57.01 | OK | |||
r-devel-linux-x86_64-fedora-gcc | 0.1.4 | 52.86 | OK | |||
r-devel-windows-x86_64 | 0.1.4 | 7.00 | 50.00 | 57.00 | OK | |
r-patched-linux-x86_64 | 0.1.4 | 3.33 | 31.82 | 35.15 | OK | |
r-release-linux-x86_64 | 0.1.4 | 3.08 | 31.77 | 34.85 | OK | |
r-release-macos-arm64 | 0.1.4 | 27.00 | OK | |||
r-release-macos-x86_64 | 0.1.4 | 38.00 | OK | |||
r-release-windows-x86_64 | 0.1.4 | 6.00 | 52.00 | 58.00 | OK | |
r-oldrel-macos-arm64 | 0.1.4 | 20.00 | NOTE | |||
r-oldrel-macos-x86_64 | 0.1.4 | 29.00 | NOTE | |||
r-oldrel-windows-x86_64 | 0.1.4 | 7.00 | 58.00 | 65.00 | NOTE |
Version: 0.1.4
Check: HTML version of manual
Result: NOTE
Found the following HTML validation problems:
adjToEdge.html:46:1 (adjToEdge.Rd:10): Warning: missing </ul> before </div>
edgeToJSON_igraph.html:46:1 (edgeToJSON_igraph.Rd:10): Warning: missing </ul> before </div>
edgeToJSON_matrix.html:46:1 (edgeToJSON_matrix.Rd:10): Warning: missing </ul> before </div>
edgebundleOutput.html:54:1 (edgebundleOutput.Rd:14): Warning: missing </ul> before </div>
renderEdgebundle.html:54:1 (renderEdgebundle.Rd:14): Warning: missing </ul> before </div>
saveEdgebundle.html:59:1 (saveEdgebundle.Rd:17): Warning: missing </ul> before </div>
shinyedge.html:47:1 (shinyedge.Rd:11): Warning: missing </ul> before </div>
Flavor: r-devel-linux-x86_64-debian-gcc
Version: 0.1.4
Check: LazyData
Result: NOTE
'LazyData' is specified without a 'data' directory
Flavors: r-oldrel-macos-arm64, r-oldrel-macos-x86_64, r-oldrel-windows-x86_64