Last updated on 2024-08-05 09:48:05 CEST.
Flavor | Version | Tinstall | Tcheck | Ttotal | Status | Flags |
---|---|---|---|---|---|---|
r-devel-linux-x86_64-debian-clang | 0.1.8 | 5.48 | 53.52 | 59.00 | OK | |
r-devel-linux-x86_64-debian-gcc | 0.1.8 | 3.85 | 31.93 | 35.78 | OK | |
r-devel-linux-x86_64-fedora-clang | 0.1.8 | 76.94 | NOTE | |||
r-devel-linux-x86_64-fedora-gcc | 0.1.8 | 85.85 | NOTE | |||
r-devel-windows-x86_64 | 0.1.8 | 7.00 | 66.00 | 73.00 | OK | |
r-patched-linux-x86_64 | 0.1.8 | 3.98 | 41.31 | 45.29 | OK | |
r-release-linux-x86_64 | 0.1.8 | 3.72 | 52.00 | 55.72 | OK | |
r-release-macos-arm64 | 0.1.8 | 32.00 | OK | |||
r-release-macos-x86_64 | 0.1.8 | 47.00 | OK | |||
r-release-windows-x86_64 | 0.1.8 | 7.00 | 65.00 | 72.00 | OK | |
r-oldrel-macos-arm64 | 0.1.8 | 41.00 | OK | |||
r-oldrel-macos-x86_64 | 0.1.8 | 57.00 | OK | |||
r-oldrel-windows-x86_64 | 0.1.8 | 9.00 | 70.00 | 79.00 | OK |
Version: 0.1.8
Check: dependencies in R code
Result: NOTE
Namespaces in Imports field not imported from:
‘dplyr’ ‘magrittr’ ‘tibble’
All declared Imports should be used.
Flavors: r-devel-linux-x86_64-fedora-clang, r-devel-linux-x86_64-fedora-gcc