Last updated on 2024-09-08 09:48:17 CEST.
Flavor | Version | Tinstall | Tcheck | Ttotal | Status | Flags |
---|---|---|---|---|---|---|
r-devel-linux-x86_64-debian-clang | 1.3.2 | 7.21 | 71.67 | 78.88 | OK | |
r-devel-linux-x86_64-debian-gcc | 1.3.2 | 5.47 | 48.72 | 54.19 | OK | |
r-devel-linux-x86_64-fedora-clang | 1.3.2 | 124.32 | NOTE | |||
r-devel-linux-x86_64-fedora-gcc | 1.3.2 | 120.75 | OK | |||
r-devel-windows-x86_64 | 1.3.2 | 9.00 | 88.00 | 97.00 | OK | |
r-patched-linux-x86_64 | 1.3.2 | 7.33 | 68.54 | 75.87 | OK | |
r-release-linux-x86_64 | 1.3.2 | 6.61 | 66.11 | 72.72 | OK | |
r-release-macos-arm64 | 1.3.2 | 34.00 | OK | |||
r-release-macos-x86_64 | 1.3.2 | 52.00 | OK | |||
r-release-windows-x86_64 | 1.3.2 | 8.00 | 83.00 | 91.00 | OK | |
r-oldrel-macos-arm64 | 1.3.2 | 38.00 | OK | |||
r-oldrel-macos-x86_64 | 1.3.2 | 64.00 | OK | |||
r-oldrel-windows-x86_64 | 1.3.2 | 10.00 | 98.00 | 108.00 | OK |
Version: 1.3.2
Check: Rd cross-references
Result: NOTE
Undeclared packages ‘Kendall’, ‘geoR’ in Rd xrefs
Flavor: r-devel-linux-x86_64-fedora-clang