Last updated on 2025-05-22 09:51:38 CEST.
Flavor | Version | Tinstall | Tcheck | Ttotal | Status | Flags |
---|---|---|---|---|---|---|
r-devel-linux-x86_64-debian-clang | 1.1.0 | 1.81 | 44.05 | 45.86 | NOTE | |
r-devel-linux-x86_64-debian-gcc | 1.1.0 | 1.75 | 31.56 | 33.31 | NOTE | |
r-devel-linux-x86_64-fedora-clang | 1.1.0 | 77.54 | NOTE | |||
r-devel-linux-x86_64-fedora-gcc | 1.1.0 | 93.06 | NOTE | |||
r-devel-windows-x86_64 | 1.1.0 | 4.00 | 79.00 | 83.00 | NOTE | |
r-patched-linux-x86_64 | 1.1.0 | 2.83 | 39.44 | 42.27 | NOTE | |
r-release-linux-x86_64 | 1.1.0 | 2.19 | 40.41 | 42.60 | NOTE | |
r-release-macos-arm64 | 1.1.0 | 40.00 | NOTE | |||
r-release-macos-x86_64 | 1.1.0 | 82.00 | NOTE | |||
r-release-windows-x86_64 | 1.1.0 | 5.00 | 100.00 | 105.00 | NOTE | |
r-oldrel-macos-arm64 | 1.1.0 | 31.00 | NOTE | |||
r-oldrel-macos-x86_64 | 1.1.0 | 72.00 | NOTE | |||
r-oldrel-windows-x86_64 | 1.1.0 | 5.00 | 74.00 | 79.00 | NOTE |
Version: 1.1.0
Check: Rd files
Result: NOTE
checkRd: (-1) misClustRate.Rd:18: Lost braces; missing escapes or markup?
18 | Compute the empirical MCR, assuming that #{cluster} = #{block},
| ^
checkRd: (-1) misClustRate.Rd:18: Lost braces; missing escapes or markup?
18 | Compute the empirical MCR, assuming that #{cluster} = #{block},
| ^
Flavors: r-devel-linux-x86_64-debian-clang, r-devel-linux-x86_64-debian-gcc, r-devel-linux-x86_64-fedora-clang, r-devel-linux-x86_64-fedora-gcc, r-devel-windows-x86_64, r-patched-linux-x86_64, r-release-linux-x86_64, r-release-macos-arm64, r-release-macos-x86_64, r-release-windows-x86_64, r-oldrel-macos-arm64, r-oldrel-macos-x86_64, r-oldrel-windows-x86_64