Last updated on 2024-08-05 09:48:06 CEST.
Flavor | Version | Tinstall | Tcheck | Ttotal | Status | Flags |
---|---|---|---|---|---|---|
r-devel-linux-x86_64-debian-clang | 1.3 | 14.61 | 108.75 | 123.36 | OK | |
r-devel-linux-x86_64-debian-gcc | 1.3 | 8.82 | 59.48 | 68.30 | OK | |
r-devel-linux-x86_64-fedora-clang | 1.3 | 159.27 | NOTE | |||
r-devel-linux-x86_64-fedora-gcc | 1.3 | 151.14 | OK | |||
r-devel-windows-x86_64 | 1.3 | 15.00 | 90.00 | 105.00 | OK | |
r-patched-linux-x86_64 | 1.3 | 12.72 | 80.68 | 93.40 | OK | |
r-release-linux-x86_64 | 1.3 | 13.69 | 106.27 | 119.96 | OK | |
r-release-macos-arm64 | 1.3 | 45.00 | OK | |||
r-release-macos-x86_64 | 1.3 | 66.00 | OK | |||
r-release-windows-x86_64 | 1.3 | 15.00 | 88.00 | 103.00 | OK | |
r-oldrel-macos-arm64 | 1.3 | 45.00 | OK | |||
r-oldrel-macos-x86_64 | 1.3 | 129.00 | OK | |||
r-oldrel-windows-x86_64 | 1.3 | 17.00 | 112.00 | 129.00 | OK |
Version: 1.3
Check: Rd cross-references
Result: NOTE
Undeclared package ‘margins’ in Rd xrefs
Flavor: r-devel-linux-x86_64-fedora-clang