Last updated on 2024-09-06 09:49:19 CEST.
Flavor | Version | Tinstall | Tcheck | Ttotal | Status | Flags |
---|---|---|---|---|---|---|
r-devel-linux-x86_64-debian-clang | 0.1.10 | 35.20 | 872.67 | 907.87 | OK | |
r-devel-linux-x86_64-debian-gcc | 0.1.10 | 28.66 | 569.88 | 598.54 | OK | |
r-devel-linux-x86_64-fedora-clang | 0.1.10 | 1459.25 | NOTE | |||
r-devel-linux-x86_64-fedora-gcc | 0.1.10 | 1400.15 | OK | |||
r-devel-windows-x86_64 | 0.1.10 | 31.00 | 794.00 | 825.00 | NOTE | |
r-patched-linux-x86_64 | 0.1.10 | 37.27 | 826.51 | 863.78 | OK | |
r-release-linux-x86_64 | 0.1.10 | 34.54 | 828.56 | 863.10 | OK | |
r-release-macos-arm64 | 0.1.10 | 354.00 | NOTE | |||
r-release-macos-x86_64 | 0.1.10 | 927.00 | NOTE | |||
r-release-windows-x86_64 | 0.1.10 | 32.00 | 791.00 | 823.00 | NOTE | |
r-oldrel-macos-arm64 | 0.1.10 | 491.00 | NOTE | |||
r-oldrel-macos-x86_64 | 0.1.10 | 971.00 | NOTE | |||
r-oldrel-windows-x86_64 | 0.1.10 | 41.00 | 1076.00 | 1117.00 | NOTE |
Version: 0.1.10
Check: installed package size
Result: NOTE
installed size is 14.1Mb
sub-directories of 1Mb or more:
doc 13.3Mb
Flavors: r-devel-linux-x86_64-fedora-clang, r-devel-windows-x86_64, r-release-macos-arm64, r-release-macos-x86_64, r-release-windows-x86_64, r-oldrel-macos-arm64, r-oldrel-macos-x86_64, r-oldrel-windows-x86_64