Last updated on 2024-08-05 09:48:06 CEST.
Flavor | Version | Tinstall | Tcheck | Ttotal | Status | Flags |
---|---|---|---|---|---|---|
r-devel-linux-x86_64-debian-clang | 0.3-4 | 31.99 | 398.84 | 430.83 | OK | |
r-devel-linux-x86_64-debian-gcc | 0.3-4 | 19.50 | 191.38 | 210.88 | NOTE | |
r-devel-linux-x86_64-fedora-clang | 0.3-4 | 535.45 | OK | |||
r-devel-linux-x86_64-fedora-gcc | 0.3-4 | 499.02 | OK | |||
r-devel-windows-x86_64 | 0.3-4 | 39.00 | 287.00 | 326.00 | NOTE | |
r-patched-linux-x86_64 | 0.3-4 | 34.25 | 276.52 | 310.77 | OK | |
r-release-linux-x86_64 | 0.3-4 | 26.85 | 379.80 | 406.65 | OK | |
r-release-macos-arm64 | 0.3-4 | 106.00 | OK | |||
r-release-macos-x86_64 | 0.3-4 | 204.00 | OK | |||
r-release-windows-x86_64 | 0.3-4 | 35.00 | 284.00 | 319.00 | OK | |
r-oldrel-macos-arm64 | 0.3-4 | 128.00 | OK | |||
r-oldrel-macos-x86_64 | 0.3-4 | 299.00 | OK | |||
r-oldrel-windows-x86_64 | 0.3-4 | 43.00 | 376.00 | 419.00 | OK |
Version: 0.3-4
Check: Rd cross-references
Result: NOTE
Found the following Rd file(s) with Rd \link{} targets missing package
anchors:
MantelCor.Rd: mantel
MantelModTest.Rd: mantel
Please provide package anchors for all Rd \link{} targets not in the
package itself and the base packages.
Flavors: r-devel-linux-x86_64-debian-gcc, r-devel-windows-x86_64