Last updated on 2024-08-05 09:48:06 CEST.
Flavor | Version | Tinstall | Tcheck | Ttotal | Status | Flags |
---|---|---|---|---|---|---|
r-devel-linux-x86_64-debian-clang | 2.5.8 | 32.31 | 150.48 | 182.79 | NOTE | |
r-devel-linux-x86_64-debian-gcc | 2.5.8 | 16.26 | 84.59 | 100.85 | NOTE | |
r-devel-linux-x86_64-fedora-clang | 2.5.8 | 230.00 | OK | |||
r-devel-linux-x86_64-fedora-gcc | 2.5.8 | 212.87 | OK | |||
r-devel-windows-x86_64 | 2.5.8 | 34.00 | 128.00 | 162.00 | OK | |
r-patched-linux-x86_64 | 2.5.8 | 22.17 | 108.78 | 130.95 | NOTE | |
r-release-linux-x86_64 | 2.5.8 | 25.89 | 138.56 | 164.45 | NOTE | |
r-release-macos-arm64 | 2.5.8 | 60.00 | NOTE | |||
r-release-macos-x86_64 | 2.5.8 | 158.00 | NOTE | |||
r-release-windows-x86_64 | 2.5.8 | 33.00 | 125.00 | 158.00 | OK | |
r-oldrel-macos-arm64 | 2.5.8 | 77.00 | NOTE | |||
r-oldrel-macos-x86_64 | 2.5.8 | 137.00 | NOTE | |||
r-oldrel-windows-x86_64 | 2.5.8 | 40.00 | 159.00 | 199.00 | NOTE |
Version: 2.5.8
Check: package dependencies
Result: NOTE
Package suggested but not available for checking: ‘INLA’
Flavors: r-devel-linux-x86_64-debian-clang, r-devel-linux-x86_64-debian-gcc, r-patched-linux-x86_64, r-release-linux-x86_64, r-release-macos-arm64, r-release-macos-x86_64, r-oldrel-macos-arm64, r-oldrel-macos-x86_64, r-oldrel-windows-x86_64