CRAN Package Check Results for Package ez

Last updated on 2025-05-11 09:50:09 CEST.

Flavor Version Tinstall Tcheck Ttotal Status Flags
r-devel-linux-x86_64-debian-clang 4.4-0 16.50 122.77 139.27 NOTE
r-devel-linux-x86_64-debian-gcc 4.4-0 9.47 83.62 93.09 NOTE
r-devel-linux-x86_64-fedora-clang 4.4-0 204.53 NOTE
r-devel-linux-x86_64-fedora-gcc 4.4-0 207.45 NOTE
r-devel-windows-x86_64 4.4-0 15.00 128.00 143.00 NOTE
r-patched-linux-x86_64 4.4-0 13.67 116.80 130.47 NOTE
r-release-linux-x86_64 4.4-0 14.45 115.48 129.93 NOTE
r-release-macos-arm64 4.4-0 50.00 NOTE
r-release-macos-x86_64 4.4-0 106.00 NOTE
r-release-windows-x86_64 4.4-0 14.00 128.00 142.00 NOTE
r-oldrel-macos-arm64 4.4-0 57.00 NOTE
r-oldrel-macos-x86_64 4.4-0 80.00 NOTE
r-oldrel-windows-x86_64 4.4-0 20.00 157.00 177.00 NOTE

Check Details

Version: 4.4-0
Check: CRAN incoming feasibility
Result: NOTE Maintainer: ‘Michael A. Lawrence <mike.lwrnc@gmail.com>’ No Authors@R field in DESCRIPTION. Please add one, modifying Authors@R: person(given = c("Michael", "A."), family = "Lawrence", role = c("aut", "cre"), email = "mike.lwrnc@gmail.com") as necessary. Flavors: r-devel-linux-x86_64-debian-clang, r-devel-linux-x86_64-debian-gcc

Version: 4.4-0
Check: Rd files
Result: NOTE checkRd: (-1) ez-package.Rd:19: Lost braces in \itemize; meant \describe ? checkRd: (-1) ez-package.Rd:20: Lost braces in \itemize; meant \describe ? checkRd: (-1) ez-package.Rd:21: Lost braces in \itemize; meant \describe ? checkRd: (-1) ez-package.Rd:22: Lost braces in \itemize; meant \describe ? checkRd: (-1) ez-package.Rd:23: Lost braces in \itemize; meant \describe ? checkRd: (-1) ez-package.Rd:24: Lost braces in \itemize; meant \describe ? checkRd: (-1) ez-package.Rd:25: Lost braces in \itemize; meant \describe ? checkRd: (-1) ez-package.Rd:26: Lost braces in \itemize; meant \describe ? checkRd: (-1) ez-package.Rd:27: Lost braces in \itemize; meant \describe ? checkRd: (-1) ez-package.Rd:28: Lost braces in \itemize; meant \describe ? checkRd: (-1) ez-package.Rd:29: Lost braces in \itemize; meant \describe ? checkRd: (-1) ez-package.Rd:30: Lost braces in \itemize; meant \describe ? checkRd: (-1) ez-package.Rd:32: Lost braces in \itemize; meant \describe ? checkRd: (-1) ez-package.Rd:33: Lost braces in \itemize; meant \describe ? Flavors: r-devel-linux-x86_64-debian-clang, r-devel-linux-x86_64-debian-gcc, r-devel-linux-x86_64-fedora-clang, r-devel-linux-x86_64-fedora-gcc, r-devel-windows-x86_64, r-patched-linux-x86_64, r-release-linux-x86_64, r-release-macos-arm64, r-release-macos-x86_64, r-release-windows-x86_64, r-oldrel-macos-arm64, r-oldrel-macos-x86_64, r-oldrel-windows-x86_64