Last updated on 2024-08-05 09:48:06 CEST.
Flavor | Version | Tinstall | Tcheck | Ttotal | Status | Flags |
---|---|---|---|---|---|---|
r-devel-linux-x86_64-debian-clang | 1.3.1 | 44.43 | 163.39 | 207.82 | OK | |
r-devel-linux-x86_64-debian-gcc | 1.3.1 | 21.77 | 87.35 | 109.12 | OK | |
r-devel-linux-x86_64-fedora-clang | 1.3.1 | 263.80 | OK | |||
r-devel-linux-x86_64-fedora-gcc | 1.3.1 | 266.17 | OK | |||
r-devel-windows-x86_64 | 1.3.1 | 38.00 | 164.00 | 202.00 | OK | |
r-patched-linux-x86_64 | 1.3.1 | 29.09 | 119.00 | 148.09 | OK | |
r-release-linux-x86_64 | 1.3.1 | 26.22 | 158.86 | 185.08 | OK | |
r-release-macos-arm64 | 1.3.1 | 103.00 | NOTE | |||
r-release-macos-x86_64 | 1.3.1 | 163.00 | NOTE | |||
r-release-windows-x86_64 | 1.3.1 | 36.00 | 164.00 | 200.00 | OK | |
r-oldrel-macos-arm64 | 1.3.1 | 107.00 | NOTE | |||
r-oldrel-macos-x86_64 | 1.3.1 | 186.00 | NOTE | |||
r-oldrel-windows-x86_64 | 1.3.1 | 49.00 | 199.00 | 248.00 | OK |
Version: 1.3.1
Check: installed package size
Result: NOTE
installed size is 5.2Mb
sub-directories of 1Mb or more:
data 2.0Mb
libs 1.2Mb
Flavors: r-release-macos-arm64, r-release-macos-x86_64, r-oldrel-macos-arm64, r-oldrel-macos-x86_64