Last updated on 2025-05-23 09:52:10 CEST.
Flavor | Version | Tinstall | Tcheck | Ttotal | Status | Flags |
---|---|---|---|---|---|---|
r-devel-linux-x86_64-debian-clang | 1.0 | 101.87 | 30.62 | 132.49 | OK | |
r-devel-linux-x86_64-debian-gcc | 1.0 | 73.00 | 24.54 | 97.54 | OK | |
r-devel-linux-x86_64-fedora-clang | 1.0 | 275.33 | OK | |||
r-devel-linux-x86_64-fedora-gcc | 1.0 | 274.78 | OK | |||
r-devel-windows-x86_64 | 1.0 | 118.00 | 79.00 | 197.00 | OK | |
r-patched-linux-x86_64 | 1.0 | 101.15 | 29.23 | 130.38 | OK | |
r-release-linux-x86_64 | 1.0 | 99.01 | 29.00 | 128.01 | OK | |
r-release-macos-arm64 | 1.0 | 56.00 | OK | |||
r-release-macos-x86_64 | 1.0 | 65.00 | OK | |||
r-release-windows-x86_64 | 1.0 | 119.00 | 134.00 | 253.00 | OK | |
r-oldrel-macos-arm64 | 1.0 | 56.00 | NOTE | |||
r-oldrel-macos-x86_64 | 1.0 | 59.00 | NOTE | |||
r-oldrel-windows-x86_64 | 1.0 | 134.00 | 87.00 | 221.00 | OK |
Version: 1.0
Check: installed package size
Result: NOTE
installed size is 5.7Mb
sub-directories of 1Mb or more:
libs 5.6Mb
Flavors: r-oldrel-macos-arm64, r-oldrel-macos-x86_64